{"id":1810,"date":"2020-07-02T20:35:54","date_gmt":"2020-07-02T20:35:54","guid":{"rendered":"https:\/\/www.mobildisplay.hu\/?page_id=1810"},"modified":"2025-05-15T14:16:34","modified_gmt":"2025-05-15T14:16:34","slug":"textil-popup-sajtofal","status":"publish","type":"page","link":"https:\/\/www.mobildisplay.hu\/index.php\/pop-up-sajto-falak\/textil-popup-sajtofal\/","title":{"rendered":"Textil PopUp sajt\u00f3falak"},"content":{"rendered":"\t\t<div data-elementor-type=\"wp-page\" data-elementor-id=\"1810\" class=\"elementor elementor-1810\">\n\t\t\t\t\t\t<section class=\"elementor-section elementor-top-section elementor-element elementor-element-236bd26 elementor-section-boxed elementor-section-height-default elementor-section-height-default\" data-id=\"236bd26\" data-element_type=\"section\">\n\t\t\t\t\t\t<div class=\"elementor-container elementor-column-gap-default\">\n\t\t\t\t\t<div class=\"elementor-column elementor-col-100 elementor-top-column elementor-element elementor-element-aeca579\" data-id=\"aeca579\" data-element_type=\"column\">\n\t\t\t<div class=\"elementor-widget-wrap elementor-element-populated\">\n\t\t\t\t\t\t<div class=\"elementor-element elementor-element-0783c9d elementor-widget elementor-widget-text-editor\" data-id=\"0783c9d\" data-element_type=\"widget\" data-widget_type=\"text-editor.default\">\n\t\t\t\t<div class=\"elementor-widget-container\">\n\t\t\t\t\t\t\t<p class=\"\" data-start=\"149\" data-end=\"514\">A textil PopUp sajt\u00f3fal t\u00f6k\u00e9letes v\u00e1laszt\u00e1s, ha gyorsan \u00e9s egyszer\u0171en szeretn\u00e9 kiemelni v\u00e1llalkoz\u00e1s\u00e1t, term\u00e9keit vagy szolg\u00e1ltat\u00e1sait rendezv\u00e9nyein. <strong data-start=\"301\" data-end=\"325\">B\u00e9rl\u00e9sre is el\u00e9rhet\u0151<\/strong>, \u00edgy k\u00f6lts\u00e9ghat\u00e9kony megold\u00e1s minden esem\u00e9nyhez! Az egyszer\u0171 \u00e9s gyors fel\u00e1ll\u00edt\u00e1s, a k\u00f6nnyen cser\u00e9lhet\u0151 design \u00e9s a pr\u00e9mium min\u0151s\u00e9g biztos\u00edtja, hogy minden rendezv\u00e9nyen a legjobbat ny\u00fajtsa!<\/p><p class=\"\" data-start=\"516\" data-end=\"938\">\u2699\ufe0f <strong data-start=\"532\" data-end=\"565\">Szersz\u00e1m n\u00e9lk\u00fcli \u00f6ssze\u00e1ll\u00edt\u00e1s<\/strong> \u2013 egyszer\u0171 \u00e9s gyors fel\u00e1ll\u00edt\u00e1s<br data-start=\"596\" data-end=\"599\" \/>\ud83d\udd8c\ufe0f <strong data-start=\"603\" data-end=\"632\">K\u00f6nnyen cser\u00e9lhet\u0151 design<\/strong> \u2013 friss\u00edtse grafikai tartalm\u00e1t b\u00e1rmikor<br data-start=\"672\" data-end=\"675\" \/>\ud83c\udf24\ufe0f <strong data-start=\"679\" data-end=\"711\">Belt\u00e9ri \u00e9s k\u00fclt\u00e9ri haszn\u00e1lat<\/strong> \u2013 enyhe sz\u00e9lnek ellen\u00e1ll, ha s\u00falyozva van a l\u00e1bazat<br data-start=\"763\" data-end=\"766\" \/>\ud83d\udccf <strong data-start=\"769\" data-end=\"794\">Sz\u00e9les m\u00e9retv\u00e1laszt\u00e9k<\/strong> \u2013 t\u00f6bbf\u00e9le m\u00e9ret k\u00f6z\u00fcl v\u00e1laszthat, hogy minden esem\u00e9nyhez illeszkedjen<br data-start=\"865\" data-end=\"868\" \/>\ud83d\ude97 <strong data-start=\"871\" data-end=\"890\">Kompakt t\u00e1rol\u00e1s<\/strong> \u2013 a szerkezet \u00f6sszecsukhat\u00f3, \u00edgy k\u00f6nnyen sz\u00e1ll\u00edthat\u00f3 \u00e9s helytakar\u00e9kos<\/p><p class=\"\" data-start=\"940\" data-end=\"1109\">\ud83d\udc8e <strong data-start=\"943\" data-end=\"962\">Pr\u00e9mium min\u0151s\u00e9g<\/strong> a legjobb nyomtat\u00e1ssal \u00e9s kivitelez\u00e9ssel! B\u00edzza r\u00e1nk a l\u00e1tv\u00e1nyos megjelen\u00e9st, \u00e9s v\u00e1lassza a textil PopUp sajt\u00f3falat, hogy kiemelkedjen a t\u00f6megb\u0151l!<\/p><p class=\"\" data-start=\"1111\" data-end=\"1216\"><strong data-start=\"1111\" data-end=\"1146\">B\u00e9relje vagy v\u00e1s\u00e1rolja meg most<\/strong>, \u00e9s hozza el rendezv\u00e9ny\u00e9re az egyedi, professzion\u00e1lis megjelen\u00e9st!<\/p>\t\t\t\t\t\t<\/div>\n\t\t\t\t<\/div>\n\t\t\t\t<div class=\"elementor-element elementor-element-37e154e elementor-widget-divider--view-line elementor-widget elementor-widget-divider\" data-id=\"37e154e\" data-element_type=\"widget\" data-widget_type=\"divider.default\">\n\t\t\t\t<div class=\"elementor-widget-container\">\n\t\t\t\t\t<div class=\"elementor-divider\">\n\t\t\t<span class=\"elementor-divider-separator\">\n\t\t\t\t\t\t<\/span>\n\t\t<\/div>\n\t\t\t\t<\/div>\n\t\t\t\t<\/div>\n\t\t\t\t<div class=\"elementor-element elementor-element-ce36680 elementor-widget elementor-widget-spacer\" data-id=\"ce36680\" data-element_type=\"widget\" data-widget_type=\"spacer.default\">\n\t\t\t\t<div class=\"elementor-widget-container\">\n\t\t\t\t\t<div class=\"elementor-spacer\">\n\t\t\t<div class=\"elementor-spacer-inner\"><\/div>\n\t\t<\/div>\n\t\t\t\t<\/div>\n\t\t\t\t<\/div>\n\t\t\t\t<section class=\"elementor-section elementor-inner-section elementor-element elementor-element-45a924f elementor-section-boxed elementor-section-height-default elementor-section-height-default\" data-id=\"45a924f\" data-element_type=\"section\">\n\t\t\t\t\t\t<div class=\"elementor-container elementor-column-gap-default\">\n\t\t\t\t\t<div class=\"elementor-column elementor-col-50 elementor-inner-column elementor-element elementor-element-8f40564\" data-id=\"8f40564\" data-element_type=\"column\">\n\t\t\t<div class=\"elementor-widget-wrap elementor-element-populated\">\n\t\t\t\t\t\t<div class=\"elementor-element elementor-element-836c5d8 elementor-widget elementor-widget-heading\" data-id=\"836c5d8\" data-element_type=\"widget\" data-widget_type=\"heading.default\">\n\t\t\t\t<div class=\"elementor-widget-container\">\n\t\t\t<h2 class=\"elementor-heading-title elementor-size-default\">MB Fabric- textil sajt\u00f3fal<\/h2>\t\t<\/div>\n\t\t\t\t<\/div>\n\t\t\t\t<div class=\"elementor-element elementor-element-0eda005 elementor-widget elementor-widget-image\" data-id=\"0eda005\" data-element_type=\"widget\" data-widget_type=\"image.default\">\n\t\t\t\t<div class=\"elementor-widget-container\">\n\t\t\t\t\t\t\t\t\t\t\t\t\t<img decoding=\"async\" src=\"https:\/\/www.mobildisplay.hu\/wp-content\/uploads\/2021\/07\/PopUp-Textil_Mobildisplay-02.jpg\" title=\"\" alt=\"\" loading=\"lazy\" \/>\t\t\t\t\t\t\t\t\t\t\t\t\t<\/div>\n\t\t\t\t<\/div>\n\t\t\t\t<div class=\"elementor-element elementor-element-cbb2345 elementor-widget elementor-widget-image\" data-id=\"cbb2345\" data-element_type=\"widget\" data-widget_type=\"image.default\">\n\t\t\t\t<div class=\"elementor-widget-container\">\n\t\t\t\t\t\t\t\t\t\t\t\t\t<img fetchpriority=\"high\" decoding=\"async\" width=\"231\" height=\"300\" src=\"https:\/\/www.mobildisplay.hu\/wp-content\/uploads\/2023\/01\/stretch-ok-high-231x300.jpg\" class=\"attachment-medium size-medium wp-image-2511\" alt=\"Fabric Textil PopUp\" srcset=\"https:\/\/www.mobildisplay.hu\/wp-content\/uploads\/2023\/01\/stretch-ok-high-231x300.jpg 231w, https:\/\/www.mobildisplay.hu\/wp-content\/uploads\/2023\/01\/stretch-ok-high-790x1024.jpg 790w, https:\/\/www.mobildisplay.hu\/wp-content\/uploads\/2023\/01\/stretch-ok-high-768x996.jpg 768w, https:\/\/www.mobildisplay.hu\/wp-content\/uploads\/2023\/01\/stretch-ok-high-1185x1536.jpg 1185w, https:\/\/www.mobildisplay.hu\/wp-content\/uploads\/2023\/01\/stretch-ok-high-1580x2048.jpg 1580w, https:\/\/www.mobildisplay.hu\/wp-content\/uploads\/2023\/01\/stretch-ok-high-scaled.jpg 1975w\" sizes=\"(max-width: 231px) 100vw, 231px\" \/>\t\t\t\t\t\t\t\t\t\t\t\t\t<\/div>\n\t\t\t\t<\/div>\n\t\t\t\t\t<\/div>\n\t\t<\/div>\n\t\t\t\t<div class=\"elementor-column elementor-col-50 elementor-inner-column elementor-element elementor-element-22ea536\" data-id=\"22ea536\" data-element_type=\"column\">\n\t\t\t<div class=\"elementor-widget-wrap elementor-element-populated\">\n\t\t\t\t\t\t<div class=\"elementor-element elementor-element-be5f099 eael-table-align-center eael-dt-th-align-left elementor-widget elementor-widget-eael-data-table\" data-id=\"be5f099\" data-element_type=\"widget\" data-widget_type=\"eael-data-table.default\">\n\t\t\t\t<div class=\"elementor-widget-container\">\n\t\t\t\t\t<div class=\"eael-data-table-wrap\" data-table_id=\"be5f099\" id=\"eael-data-table-wrapper-be5f099\" data-custom_responsive=\"false\">\n\t\t\t<table class=\"tablesorter eael-data-table center\" id=\"eael-data-table-be5f099\">\n\t\t\t    <thead>\n\t\t\t        <tr class=\"table-header\">\n\t\t\t\t\t\t\t\t\t            <th class=\"\" id=\"\" colspan=\"\">\n\t\t\t\t\t\t\t\t\t\t\t\t\t\t<span class=\"data-table-header-text\">Term\u00e9k<\/span><\/th>\n\t\t\t        \t\t\t\t            <th class=\"\" id=\"\" colspan=\"\">\n\t\t\t\t\t\t\t\t\t\t\t\t\t\t<span class=\"data-table-header-text\">\u00c1r<\/span><\/th>\n\t\t\t        \t\t\t\t        <\/tr>\n\t\t\t    <\/thead>\n\t\t\t  \t<tbody>\n\t\t\t\t\t\t\t\t\t\t\t<tr>\n\t\t\t\t\t\t\t\t\t\t\t\t\t\t\t\t   \t\t\t\t\t\t\t\t\t\t\t<td colspan=\"\" rowspan=\"\" class=\"\" id=\"\">\n\t\t\t\t\t\t\t\t\t\t\t\t<div class=\"td-content-wrapper\"><div class=\"td-content\">MB Fabric 2 x 3 (227 x 152 cm) egyenes sajt\u00f3fal szerkezet<\/div><\/div>\n\t\t\t\t\t\t\t\t\t\t\t<\/td>\n\t\t\t\t\t\t\t\t\t\t\t\t\t\t\t\t\t\t\t\t\t\t\t\t\t\t\t\t\t   \t\t\t\t\t\t\t\t\t\t\t<td colspan=\"\" rowspan=\"\" class=\"\" id=\"\">\n\t\t\t\t\t\t\t\t\t\t\t\t<div class=\"td-content-wrapper\"><div class=\"td-content\">85.000,- Ft<\/div><\/div>\n\t\t\t\t\t\t\t\t\t\t\t<\/td>\n\t\t\t\t\t\t\t\t\t\t\t\t\t\t\t\t\t\t\t\t\t\t\t\t\t\t<\/tr>\n\t\t\t        \t\t\t\t\t\t<tr>\n\t\t\t\t\t\t\t\t\t\t\t\t\t<\/tr>\n\t\t\t        \t\t\t\t\t\t<tr>\n\t\t\t\t\t\t\t\t\t\t\t\t\t\t\t\t   \t\t\t\t\t\t\t\t\t\t\t<td colspan=\"\" rowspan=\"\" class=\"\" id=\"\">\n\t\t\t\t\t\t\t\t\t\t\t\t<div class=\"td-content-wrapper\"><div class=\"td-content\">MB Fabric 2 x 3 textil nyomtat\u00e1s, t\u00e9p\u0151z\u00e1r felvarr\u00e1ssal<\/div><\/div>\n\t\t\t\t\t\t\t\t\t\t\t<\/td>\n\t\t\t\t\t\t\t\t\t\t\t\t\t\t\t\t\t\t\t\t\t\t\t\t\t\t\t\t\t   \t\t\t\t\t\t\t\t\t\t\t<td colspan=\"\" rowspan=\"\" class=\"\" id=\"\">\n\t\t\t\t\t\t\t\t\t\t\t\t<div class=\"td-content-wrapper\"><div class=\"td-content\">60.000,-Ft<\/div><\/div>\n\t\t\t\t\t\t\t\t\t\t\t<\/td>\n\t\t\t\t\t\t\t\t\t\t\t\t\t\t\t\t\t\t\t\t\t\t\t\t\t\t<\/tr>\n\t\t\t        \t\t\t\t\t\t<tr>\n\t\t\t\t\t\t\t\t\t\t\t\t\t\t\t\t   \t\t\t\t\t\t\t\t\t\t\t<td colspan=\"\" rowspan=\"\" class=\"\" id=\"\">\n\t\t\t\t\t\t\t\t\t\t\t\t<div class=\"td-content-wrapper\"><div class=\"td-content\">MB Fabric 3 x 3 (227 x 227 cm) egyenes sajt\u00f3fal szerkezet<\/div><\/div>\n\t\t\t\t\t\t\t\t\t\t\t<\/td>\n\t\t\t\t\t\t\t\t\t\t\t\t\t\t\t\t\t\t\t\t\t\t\t\t\t\t\t\t\t   \t\t\t\t\t\t\t\t\t\t\t<td colspan=\"\" rowspan=\"\" class=\"\" id=\"\">\n\t\t\t\t\t\t\t\t\t\t\t\t<div class=\"td-content-wrapper\"><div class=\"td-content\">95.000,- Ft<\/div><\/div>\n\t\t\t\t\t\t\t\t\t\t\t<\/td>\n\t\t\t\t\t\t\t\t\t\t\t\t\t\t\t\t\t\t\t\t\t\t\t\t\t\t<\/tr>\n\t\t\t        \t\t\t\t\t\t<tr>\n\t\t\t\t\t\t\t\t\t\t\t\t\t<\/tr>\n\t\t\t        \t\t\t\t\t\t<tr>\n\t\t\t\t\t\t\t\t\t\t\t\t\t\t\t\t   \t\t\t\t\t\t\t\t\t\t\t<td colspan=\"\" rowspan=\"\" class=\"\" id=\"\">\n\t\t\t\t\t\t\t\t\t\t\t\t<div class=\"td-content-wrapper\"><div class=\"td-content\">MB Fabric 3 x 3 textil nyomtat\u00e1s, t\u00e9p\u0151z\u00e1r felvarr\u00e1ssal<\/div><\/div>\n\t\t\t\t\t\t\t\t\t\t\t<\/td>\n\t\t\t\t\t\t\t\t\t\t\t\t\t\t\t\t\t\t\t\t\t\t\t\t\t\t\t\t\t   \t\t\t\t\t\t\t\t\t\t\t<td colspan=\"\" rowspan=\"\" class=\"\" id=\"\">\n\t\t\t\t\t\t\t\t\t\t\t\t<div class=\"td-content-wrapper\"><div class=\"td-content\">76.000,- Ft<\/div><\/div>\n\t\t\t\t\t\t\t\t\t\t\t<\/td>\n\t\t\t\t\t\t\t\t\t\t\t\t\t\t\t\t\t\t\t\t\t\t\t\t\t\t<\/tr>\n\t\t\t        \t\t\t\t\t\t<tr>\n\t\t\t\t\t\t\t\t\t\t\t\t\t\t\t\t   \t\t\t\t\t\t\t\t\t\t\t<td colspan=\"\" rowspan=\"\" class=\"\" id=\"\">\n\t\t\t\t\t\t\t\t\t\t\t\t<div class=\"td-content-wrapper\"><div class=\"td-content\">MB Fabric 4 x 3 (227 x 301 cm) egyenes sajt\u00f3fal szerkezet<\/div><\/div>\n\t\t\t\t\t\t\t\t\t\t\t<\/td>\n\t\t\t\t\t\t\t\t\t\t\t\t\t\t\t\t\t\t\t\t\t\t\t\t\t\t\t\t\t   \t\t\t\t\t\t\t\t\t\t\t<td colspan=\"\" rowspan=\"\" class=\"\" id=\"\">\n\t\t\t\t\t\t\t\t\t\t\t\t<div class=\"td-content-wrapper\"><div class=\"td-content\">119.000,- Ft<\/div><\/div>\n\t\t\t\t\t\t\t\t\t\t\t<\/td>\n\t\t\t\t\t\t\t\t\t\t\t\t\t\t\t\t\t\t\t\t\t\t\t\t\t\t<\/tr>\n\t\t\t        \t\t\t\t\t\t<tr>\n\t\t\t\t\t\t\t\t\t\t\t\t\t<\/tr>\n\t\t\t        \t\t\t\t\t\t<tr>\n\t\t\t\t\t\t\t\t\t\t\t\t\t\t\t\t   \t\t\t\t\t\t\t\t\t\t\t<td colspan=\"\" rowspan=\"\" class=\"\" id=\"\">\n\t\t\t\t\t\t\t\t\t\t\t\t<div class=\"td-content-wrapper\"><div class=\"td-content\">MB Fabric 4 x 3 textil nyomtat\u00e1s, t\u00e9p\u0151z\u00e1r felvarr\u00e1ssal<\/div><\/div>\n\t\t\t\t\t\t\t\t\t\t\t<\/td>\n\t\t\t\t\t\t\t\t\t\t\t\t\t\t\t\t\t\t\t\t\t\t\t\t\t\t\t\t\t   \t\t\t\t\t\t\t\t\t\t\t<td colspan=\"\" rowspan=\"\" class=\"\" id=\"\">\n\t\t\t\t\t\t\t\t\t\t\t\t<div class=\"td-content-wrapper\"><div class=\"td-content\">93.000,- Ft<\/div><\/div>\n\t\t\t\t\t\t\t\t\t\t\t<\/td>\n\t\t\t\t\t\t\t\t\t\t\t\t\t\t\t\t\t\t\t\t\t\t\t\t\t\t<\/tr>\n\t\t\t        \t\t\t\t\t\t<tr>\n\t\t\t\t\t\t\t\t\t\t\t\t\t\t\t\t   \t\t\t\t\t\t\t\t\t\t\t<td colspan=\"\" rowspan=\"\" class=\"\" id=\"\">\n\t\t\t\t\t\t\t\t\t\t\t\t<div class=\"td-content-wrapper\"><div class=\"td-content\">VDisplay 5 x 3 (227 x 377 cm) egyenes sajt\u00f3fal szerkezet<\/div><\/div>\n\t\t\t\t\t\t\t\t\t\t\t<\/td>\n\t\t\t\t\t\t\t\t\t\t\t\t\t\t\t\t\t\t\t\t\t\t\t\t\t\t\t\t\t   \t\t\t\t\t\t\t\t\t\t\t<td colspan=\"\" rowspan=\"\" class=\"\" id=\"\">\n\t\t\t\t\t\t\t\t\t\t\t\t<div class=\"td-content-wrapper\"><div class=\"td-content\">137.500,- Ft<\/div><\/div>\n\t\t\t\t\t\t\t\t\t\t\t<\/td>\n\t\t\t\t\t\t\t\t\t\t\t\t\t\t\t\t\t\t\t\t\t\t\t\t\t\t<\/tr>\n\t\t\t        \t\t\t\t\t\t<tr>\n\t\t\t\t\t\t\t\t\t\t\t\t\t<\/tr>\n\t\t\t        \t\t\t\t\t\t<tr>\n\t\t\t\t\t\t\t\t\t\t\t\t\t\t\t\t   \t\t\t\t\t\t\t\t\t\t\t<td colspan=\"\" rowspan=\"\" class=\"\" id=\"\">\n\t\t\t\t\t\t\t\t\t\t\t\t<div class=\"td-content-wrapper\"><div class=\"td-content\">VDisplay 5 x 3 textil nyomtat\u00e1s, t\u00e9p\u0151z\u00e1r felvarr\u00e1ssal<\/div><\/div>\n\t\t\t\t\t\t\t\t\t\t\t<\/td>\n\t\t\t\t\t\t\t\t\t\t\t\t\t\t\t\t\t\t\t\t\t\t\t\t\t\t\t\t\t   \t\t\t\t\t\t\t\t\t\t\t<td colspan=\"\" rowspan=\"\" class=\"\" id=\"\">\n\t\t\t\t\t\t\t\t\t\t\t\t<div class=\"td-content-wrapper\"><div class=\"td-content\">106.000,- Ft<\/div><\/div>\n\t\t\t\t\t\t\t\t\t\t\t<\/td>\n\t\t\t\t\t\t\t\t\t\t\t\t\t\t\t\t\t\t\t\t\t\t\t\t\t\t<\/tr>\n\t\t\t        \t\t\t    <\/tbody>\n\t\t\t<\/table>\n\t\t<\/div>\n\t  \t\t\t<\/div>\n\t\t\t\t<\/div>\n\t\t\t\t<div class=\"elementor-element elementor-element-0fb12ff elementor-widget elementor-widget-accordion\" data-id=\"0fb12ff\" data-element_type=\"widget\" data-widget_type=\"accordion.default\">\n\t\t\t\t<div class=\"elementor-widget-container\">\n\t\t\t\t\t<div class=\"elementor-accordion\">\n\t\t\t\t\t\t\t<div class=\"elementor-accordion-item\">\n\t\t\t\t\t<div id=\"elementor-tab-title-1641\" class=\"elementor-tab-title\" data-tab=\"1\" role=\"button\" aria-controls=\"elementor-tab-content-1641\" aria-expanded=\"false\">\n\t\t\t\t\t\t\t\t\t\t\t\t\t<span class=\"elementor-accordion-icon elementor-accordion-icon-left\" aria-hidden=\"true\">\n\t\t\t\t\t\t\t\t\t\t\t\t\t\t\t<span class=\"elementor-accordion-icon-closed\"><i class=\"fas fa-angle-down\"><\/i><\/span>\n\t\t\t\t\t\t\t\t<span class=\"elementor-accordion-icon-opened\"><i class=\"fas fa-angle-up\"><\/i><\/span>\n\t\t\t\t\t\t\t\t\t\t\t\t\t\t<\/span>\n\t\t\t\t\t\t\t\t\t\t\t\t<a class=\"elementor-accordion-title\" tabindex=\"0\">A textil PopUp el\u0151nyei<\/a>\n\t\t\t\t\t<\/div>\n\t\t\t\t\t<div id=\"elementor-tab-content-1641\" class=\"elementor-tab-content elementor-clearfix\" data-tab=\"1\" role=\"region\" aria-labelledby=\"elementor-tab-title-1641\"><p class=\"\" data-start=\"0\" data-end=\"697\">A textil PopUp sajt\u00f3fal ide\u00e1lis megold\u00e1s, ha k\u00f6nnyed\u00e9n szeretn\u00e9 kiemelni v\u00e1llalkoz\u00e1s\u00e1t \u00e9s k\u00fcl\u00f6nb\u00f6ztetni mag\u00e1t a versenyt\u00e1rsakt\u00f3l. K\u00fcl\u00f6nb\u00f6z\u0151 m\u00e9ret\u0171 textil h\u00e1tt\u00e9rfalainkkal \u00e9s kreat\u00edvan megtervezett grafik\u00e1kkal biztos\u00edthatja a professzion\u00e1lis megjelen\u00e9st minden rendezv\u00e9nyen, ki\u00e1ll\u00edt\u00e1son vagy prom\u00f3ci\u00f3s esem\u00e9nyen. A textil sajt\u00f3fal kedvez\u0151bb \u00e1ron el\u00e9rhet\u0151, mint a m\u00e1gneses PopUp falak, mik\u00f6zben az alum\u00ednium szerkezete minimaliz\u00e1lja a s\u00falyt, \u00edgy k\u00f6nnyen sz\u00e1ll\u00edthat\u00f3 \u00e9s helytakar\u00e9kos megold\u00e1st k\u00edn\u00e1l nagy m\u00e9ret\u0171 rekl\u00e1mberendez\u00e9sekhez. Harmonikaszer\u0171en \u00f6sszehajthat\u00f3 \u00e9s kinyithat\u00f3, \u00edgy egyszer\u0171 a t\u00e1rol\u00e1s \u00e9s a sz\u00e1ll\u00edt\u00e1s. A gyors \u00e9s egyszer\u0171 \u00f6ssze\u00e1ll\u00edt\u00e1snak k\u00f6sz\u00f6nhet\u0151en n\u00e9h\u00e1ny perc alatt fel\u00e1ll\u00edthat\u00f3.<\/p><p class=\"\" data-start=\"699\" data-end=\"1017\">\u2714 <strong data-start=\"714\" data-end=\"740\">Egym\u00e1s mell\u00e9 sorolhat\u00f3<\/strong> \u2013 Kialak\u00edthat\u00f3k ak\u00e1r \u201eL\u201d, \u201eU\u201d, \u201eT\u201d alak\u00fa h\u00e1tt\u00e9rfalak<br data-start=\"793\" data-end=\"796\" data-is-only-node=\"\" \/>\u2714 <strong data-start=\"798\" data-end=\"834\">S\u0171r\u0171 sz\u00f6v\u00e9s\u0171 210g\/m\u00b2 textilanyag<\/strong> \u2013 Pr\u00e9mium min\u0151s\u00e9g\u0171 grafika nyomtat\u00e1sa<br data-start=\"872\" data-end=\"875\" \/>\u2714 <strong data-start=\"877\" data-end=\"899\">T\u00e9p\u0151z\u00e1ras r\u00f6gz\u00edt\u00e9s<\/strong> \u2013 K\u00f6nny\u0171 felhelyez\u00e9s \u00e9s gyors cser\u00e9lhet\u0151s\u00e9g<br data-start=\"943\" data-end=\"946\" \/>\u2714 <strong data-start=\"948\" data-end=\"968\">Mos\u00e1sra alkalmas<\/strong> \u2013 30\u00b0C-on, k\u00edm\u00e9l\u0151 programmal mos\u00f3zs\u00e1kban moshat\u00f3<\/p><p class=\"\" data-start=\"1019\" data-end=\"1401\">A v\u00e1s\u00e1rok, exp\u00f3k \u00e9s ki\u00e1ll\u00edt\u00e1sok k\u00f6z\u00f6s jellemz\u0151je a verseny, ahol mindenki a l\u00e1togat\u00f3k figyelm\u00e9t szeretn\u00e9 megragadni. A folyamatosan b\u0151v\u00fcl\u0151 k\u00edn\u00e1lat arra \u00f6szt\u00f6nzi a hirdet\u0151ket, hogy egyre figyelemfelkelt\u0151bb megold\u00e1sokat alkalmazzanak, melyek eszt\u00e9tikailag kifog\u00e1stalanok. A textil sajt\u00f3fal egy ilyen megold\u00e1s, amely seg\u00edt kiemelkedni \u00e9s profi megjelen\u00e9st biztos\u00edtani a rendezv\u00e9nyeken.<\/p><\/div>\n\t\t\t\t<\/div>\n\t\t\t\t\t\t\t<div class=\"elementor-accordion-item\">\n\t\t\t\t\t<div id=\"elementor-tab-title-1642\" class=\"elementor-tab-title\" data-tab=\"2\" role=\"button\" aria-controls=\"elementor-tab-content-1642\" aria-expanded=\"false\">\n\t\t\t\t\t\t\t\t\t\t\t\t\t<span class=\"elementor-accordion-icon elementor-accordion-icon-left\" aria-hidden=\"true\">\n\t\t\t\t\t\t\t\t\t\t\t\t\t\t\t<span class=\"elementor-accordion-icon-closed\"><i class=\"fas fa-angle-down\"><\/i><\/span>\n\t\t\t\t\t\t\t\t<span class=\"elementor-accordion-icon-opened\"><i class=\"fas fa-angle-up\"><\/i><\/span>\n\t\t\t\t\t\t\t\t\t\t\t\t\t\t<\/span>\n\t\t\t\t\t\t\t\t\t\t\t\t<a class=\"elementor-accordion-title\" tabindex=\"0\">Szabadt\u00e9rre sz\u00fcletett<\/a>\n\t\t\t\t\t<\/div>\n\t\t\t\t\t<div id=\"elementor-tab-content-1642\" class=\"elementor-tab-content elementor-clearfix\" data-tab=\"2\" role=\"region\" aria-labelledby=\"elementor-tab-title-1642\"><p class=\"\" data-start=\"0\" data-end=\"521\">A textil sajt\u00f3fal k\u00fclt\u00e9ri ki\u00e1ll\u00edt\u00e1shoz is ide\u00e1lis v\u00e1laszt\u00e1s, ha megfelel\u0151 s\u00falyokkal eg\u00e9sz\u00edti ki. A s\u00falyokat a sajt\u00f3fal alj\u00e1ra helyezve, enyhe sz\u00e9l eset\u00e9n is biztos\u00edtja a stabilit\u00e1st. A textil sajt\u00f3falat k\u00f6rbe is dekor\u00e1lhatja, \u00edgy minden oldalr\u00f3l figyelemfelkelt\u0151 megjelen\u00e9st ny\u00fajt a ki\u00e1ll\u00edt\u00e1son. T\u00e9relv\u00e1laszt\u00f3nak is t\u00f6k\u00e9letes, seg\u00edt elk\u00fcl\u00f6n\u00edteni a ki\u00e1ll\u00edt\u00e1si ter\u00fcleteket. A textil sajt\u00f3fal k\u00f6nny\u0171, gyorsan \u00f6ssze\u00e1ll\u00edthat\u00f3 \u00e9s sz\u00e1ll\u00edthat\u00f3, alum\u00edniumb\u00f3l k\u00e9sz\u00fclt, harmonikaszer\u0171en m\u0171k\u00f6d\u0151 szerkezete egyszer\u0171s\u00edti a haszn\u00e1lat\u00e1t.<\/p><p class=\"\" data-start=\"523\" data-end=\"965\">\u2714 <strong data-start=\"538\" data-end=\"559\">K\u00fclt\u00e9ri haszn\u00e1lat<\/strong> \u2013 S\u00falyokkal v\u00e9di az enyh\u00e9bb szelek ellen<br data-start=\"600\" data-end=\"603\" \/>\u2714 <strong data-start=\"605\" data-end=\"637\">B\u00e1rmilyen oldalr\u00f3l l\u00e1tv\u00e1nyos<\/strong> \u2013 K\u00f6rbeford\u00edthat\u00f3 dekor\u00e1ci\u00f3val minden ir\u00e1nyban kiemelked\u0151<br data-start=\"695\" data-end=\"698\" \/>\u2714 <strong data-start=\"700\" data-end=\"725\">T\u00e9relv\u00e1laszt\u00f3 funkci\u00f3<\/strong> \u2013 K\u00fcl\u00f6n\u00e1ll\u00f3 z\u00f3n\u00e1k kialak\u00edt\u00e1sa ki\u00e1ll\u00edt\u00e1sokon<br data-start=\"769\" data-end=\"772\" \/>\u2714 <strong data-start=\"774\" data-end=\"810\">K\u00f6nny\u0171 \u00f6ssze\u00e1ll\u00edt\u00e1s \u00e9s sz\u00e1ll\u00edt\u00e1s<\/strong> \u2013 Minim\u00e1lis er\u0151fesz\u00edt\u00e9ssel fel\u00e1ll\u00edthat\u00f3 \u00e9s sz\u00e1ll\u00edthat\u00f3<br data-start=\"865\" data-end=\"868\" \/>\u2714 <strong data-start=\"870\" data-end=\"896\">Csek\u00e9ly f\u00e9ny\u00e1tereszt\u00e9s<\/strong> \u2013 S\u0171r\u0171sz\u00f6v\u00e9s\u0171 textilanyag biztos\u00edtja a professzion\u00e1lis megjelen\u00e9st<\/p><p class=\"\" data-start=\"967\" data-end=\"1127\">Kieg\u00e9sz\u00edthet\u0151 textil stretch pulttal \u00e9s prospektustart\u00f3val, \u00edgy komplex ki\u00e1ll\u00edt\u00e1si stand alak\u00edthat\u00f3 ki, amely m\u00e9g vonz\u00f3bb\u00e1 teszi rendezv\u00e9nyeit \u00e9s ki\u00e1ll\u00edt\u00e1sait.<\/p><p class=\"\" data-start=\"1129\" data-end=\"1225\"><strong data-start=\"1129\" data-end=\"1225\" data-is-last-node=\"\">B\u00edzza r\u00e1nk a l\u00e1tv\u00e1nyos megjelen\u00e9st, \u00e9s emelje ki rendezv\u00e9ny\u00e9t pr\u00e9mium textil sajt\u00f3falunkkal!<\/strong><\/p><\/div>\n\t\t\t\t<\/div>\n\t\t\t\t\t\t\t\t<\/div>\n\t\t\t\t<\/div>\n\t\t\t\t<\/div>\n\t\t\t\t\t<\/div>\n\t\t<\/div>\n\t\t\t\t\t<\/div>\n\t\t<\/section>\n\t\t\t\t<div class=\"elementor-element elementor-element-35dce70 elementor-widget-divider--view-line elementor-widget elementor-widget-divider\" data-id=\"35dce70\" data-element_type=\"widget\" data-widget_type=\"divider.default\">\n\t\t\t\t<div class=\"elementor-widget-container\">\n\t\t\t\t\t<div class=\"elementor-divider\">\n\t\t\t<span class=\"elementor-divider-separator\">\n\t\t\t\t\t\t<\/span>\n\t\t<\/div>\n\t\t\t\t<\/div>\n\t\t\t\t<\/div>\n\t\t\t\t<div class=\"elementor-element elementor-element-d6a1697 elementor-align-center elementor-widget elementor-widget-button\" data-id=\"d6a1697\" data-element_type=\"widget\" data-widget_type=\"button.default\">\n\t\t\t\t<div class=\"elementor-widget-container\">\n\t\t\t\t\t<div class=\"elementor-button-wrapper\">\n\t\t\t<a class=\"elementor-button elementor-button-link elementor-size-sm\" href=\"https:\/\/www.mobildisplay.hu\/index.php\/referenciaink\/\" target=\"_blank\">\n\t\t\t\t\t\t<span class=\"elementor-button-content-wrapper\">\n\t\t\t\t\t\t<span class=\"elementor-button-icon elementor-align-icon-left\">\n\t\t\t\t<i aria-hidden=\"true\" class=\"far fa-hand-pointer\"><\/i>\t\t\t<\/span>\n\t\t\t\t\t\t\t\t\t<span class=\"elementor-button-text\">Textil PopUp referenci\u00e1nk<\/span>\n\t\t\t\t\t<\/span>\n\t\t\t\t\t<\/a>\n\t\t<\/div>\n\t\t\t\t<\/div>\n\t\t\t\t<\/div>\n\t\t\t\t\t<\/div>\n\t\t<\/div>\n\t\t\t\t\t<\/div>\n\t\t<\/section>\n\t\t\t\t<section class=\"elementor-section elementor-top-section elementor-element elementor-element-e2f28f3 elementor-section-boxed elementor-section-height-default elementor-section-height-default\" data-id=\"e2f28f3\" data-element_type=\"section\">\n\t\t\t\t\t\t<div class=\"elementor-container elementor-column-gap-default\">\n\t\t\t\t\t<div class=\"elementor-column elementor-col-100 elementor-top-column elementor-element elementor-element-1195649\" data-id=\"1195649\" data-element_type=\"column\">\n\t\t\t<div class=\"elementor-widget-wrap\">\n\t\t\t\t\t\t\t<\/div>\n\t\t<\/div>\n\t\t\t\t\t<\/div>\n\t\t<\/section>\n\t\t\t\t<\/div>\n\t\t","protected":false},"excerpt":{"rendered":"<p>A textil PopUp sajt\u00f3fal t\u00f6k\u00e9letes v\u00e1laszt\u00e1s, ha gyorsan \u00e9s egyszer\u0171en szeretn\u00e9 kiemelni v\u00e1llalkoz\u00e1s\u00e1t, term\u00e9keit vagy szolg\u00e1ltat\u00e1sait rendezv\u00e9nyein. B\u00e9rl\u00e9sre is el\u00e9rhet\u0151, \u00edgy k\u00f6lts\u00e9ghat\u00e9kony megold\u00e1s minden esem\u00e9nyhez!&hellip;<\/p>\n","protected":false},"author":1,"featured_media":0,"parent":1803,"menu_order":0,"comment_status":"closed","ping_status":"closed","template":"","meta":{"om_disable_all_campaigns":false,"_monsterinsights_skip_tracking":false,"_monsterinsights_sitenote_active":false,"_monsterinsights_sitenote_note":"","_monsterinsights_sitenote_category":0,"footnotes":""},"aioseo_notices":[],"_links":{"self":[{"href":"https:\/\/www.mobildisplay.hu\/index.php\/wp-json\/wp\/v2\/pages\/1810"}],"collection":[{"href":"https:\/\/www.mobildisplay.hu\/index.php\/wp-json\/wp\/v2\/pages"}],"about":[{"href":"https:\/\/www.mobildisplay.hu\/index.php\/wp-json\/wp\/v2\/types\/page"}],"author":[{"embeddable":true,"href":"https:\/\/www.mobildisplay.hu\/index.php\/wp-json\/wp\/v2\/users\/1"}],"replies":[{"embeddable":true,"href":"https:\/\/www.mobildisplay.hu\/index.php\/wp-json\/wp\/v2\/comments?post=1810"}],"version-history":[{"count":100,"href":"https:\/\/www.mobildisplay.hu\/index.php\/wp-json\/wp\/v2\/pages\/1810\/revisions"}],"predecessor-version":[{"id":5111,"href":"https:\/\/www.mobildisplay.hu\/index.php\/wp-json\/wp\/v2\/pages\/1810\/revisions\/5111"}],"up":[{"embeddable":true,"href":"https:\/\/www.mobildisplay.hu\/index.php\/wp-json\/wp\/v2\/pages\/1803"}],"wp:attachment":[{"href":"https:\/\/www.mobildisplay.hu\/index.php\/wp-json\/wp\/v2\/media?parent=1810"}],"curies":[{"name":"wp","href":"https:\/\/api.w.org\/{rel}","templated":true}]}}