{"id":1562,"date":"2020-05-03T15:52:33","date_gmt":"2020-05-03T15:52:33","guid":{"rendered":"https:\/\/www.mobildisplay.hu\/?page_id=1562"},"modified":"2025-12-15T08:27:18","modified_gmt":"2025-12-15T08:27:18","slug":"fotozas","status":"publish","type":"page","link":"https:\/\/www.mobildisplay.hu\/index.php\/fotozas\/","title":{"rendered":"Fot\u00f3z\u00e1s"},"content":{"rendered":"\t\t<div data-elementor-type=\"wp-page\" data-elementor-id=\"1562\" class=\"elementor elementor-1562\">\n\t\t\t\t\t\t<section class=\"elementor-section elementor-top-section elementor-element elementor-element-bd639d9 elementor-section-boxed elementor-section-height-default elementor-section-height-default\" data-id=\"bd639d9\" data-element_type=\"section\">\n\t\t\t\t\t\t<div class=\"elementor-container elementor-column-gap-default\">\n\t\t\t\t\t<div class=\"elementor-column elementor-col-100 elementor-top-column elementor-element elementor-element-d367e54\" data-id=\"d367e54\" data-element_type=\"column\">\n\t\t\t<div class=\"elementor-widget-wrap elementor-element-populated\">\n\t\t\t\t\t\t<div class=\"elementor-element elementor-element-ecd68e7 elementor-widget elementor-widget-text-editor\" data-id=\"ecd68e7\" data-element_type=\"widget\" data-widget_type=\"text-editor.default\">\n\t\t\t\t<div class=\"elementor-widget-container\">\n\t\t\t\t\t\t\t<h2 data-pm-slice=\"1 1 []\"><strong>Professzion\u00e1lis fot\u00f3z\u00e1s rendezv\u00e9nyekhez<\/strong><\/h2>\n<p>Kiemelked\u0151 min\u0151s\u00e9g\u0171 k\u00e9pi dokument\u00e1ci\u00f3val biztos\u00edtjuk, hogy rendezv\u00e9nye \u00e9s ki\u00e1ll\u00edt\u00e1sa a legjobb vizu\u00e1lis megjelen\u00e9st kapja. Tapasztalt fot\u00f3sunk seg\u00edt abban, hogy esem\u00e9nye nemcsak eml\u00e9k maradjon, hanem marketingc\u00e9lokra is hasznos\u00edthat\u00f3 tartalom legyen.<\/p>\n<p>Amennyiben rendezv\u00e9ny\u00e9r\u0151l vagy ki\u00e1ll\u00edt\u00e1s\u00e1r\u00f3l magas min\u0151s\u00e9g\u0171, professzion\u00e1lis riportanyagot szeretne k\u00e9sz\u00edttetni, hogy rekl\u00e1mstandja \u00e9s megjelen\u00e9se a lehet\u0151 legjobb publik\u00e1ci\u00f3khoz jusson, forduljon hozz\u00e1nk bizalommal! Szolg\u00e1ltat\u00e1sainkkal biztos\u00edtjuk, hogy esem\u00e9nye vizu\u00e1lisan is a legmagasabb sz\u00ednvonalon ker\u00fclj\u00f6n meg\u00f6r\u00f6k\u00edt\u00e9sre, legyen sz\u00f3 konferenci\u00e1r\u00f3l, szakki\u00e1ll\u00edt\u00e1sr\u00f3l vagy c\u00e9ges rendezv\u00e9nyr\u0151l.<\/p>\t\t\t\t\t\t<\/div>\n\t\t\t\t<\/div>\n\t\t\t\t<div class=\"elementor-element elementor-element-6ab9e7d elementor-widget-divider--view-line elementor-widget elementor-widget-divider\" data-id=\"6ab9e7d\" data-element_type=\"widget\" data-widget_type=\"divider.default\">\n\t\t\t\t<div class=\"elementor-widget-container\">\n\t\t\t\t\t<div class=\"elementor-divider\">\n\t\t\t<span class=\"elementor-divider-separator\">\n\t\t\t\t\t\t<\/span>\n\t\t<\/div>\n\t\t\t\t<\/div>\n\t\t\t\t<\/div>\n\t\t\t\t<div class=\"elementor-element elementor-element-cc896b4 elementor-widget elementor-widget-text-editor\" data-id=\"cc896b4\" data-element_type=\"widget\" data-widget_type=\"text-editor.default\">\n\t\t\t\t<div class=\"elementor-widget-container\">\n\t\t\t\t\t\t\t<h3 data-pm-slice=\"1 1 []\"><strong>Rendezv\u00e9nyfot\u00f3z\u00e1s<\/strong><\/h3>\n<p>Rendezv\u00e9nyek, szakki\u00e1ll\u00edt\u00e1sok \u00e9s konferenci\u00e1k dokument\u00e1l\u00e1sa magas min\u0151s\u00e9g\u0171 k\u00e9pi anyaggal. Professzion\u00e1lis riportfot\u00f3k, amelyeket marketinganyagokhoz, weboldalakhoz \u00e9s sajt\u00f3megjelen\u00e9sekhez is felhaszn\u00e1lhat.<\/p>\n<p>Ki\u00e1ll\u00edt\u00e1si rendszereink rendszeresen jelen vannak k\u00fcl\u00f6nb\u00f6z\u0151 esem\u00e9nyeken, ahol megrendel\u0151ink sz\u00e1m\u00e1ra elengedhetetlen, hogy t\u00f6k\u00e9letes, ig\u00e9nyes \u00e9s eszt\u00e9tikus k\u00e9pi anyag k\u00e9sz\u00fclj\u00f6n. Egy sikeres rendezv\u00e9ny dokument\u00e1l\u00e1sa nemcsak eml\u00e9kk\u00e9nt, hanem marketingc\u00e9lokra is kiv\u00e1l\u00f3an hasznos\u00edthat\u00f3, ez\u00e9rt \u00e9rdemes tapasztalt szakember seg\u00edts\u00e9g\u00e9t ig\u00e9nybe venni.<\/p>\n<h3><strong>Ki\u00e1ll\u00edt\u00e1si \u00e9s rekl\u00e1mstand fot\u00f3z\u00e1s<\/strong><\/h3>\n<p>Bemutatjuk standj\u00e1t a legjobb f\u00e9nyben. Ki\u00e1ll\u00edt\u00e1si rendszereink rendszeresen jelen vannak r\u00e9szletgazdag, eszt\u00e9tikusan megkompon\u00e1lt fot\u00f3kon. Egy min\u0151s\u00e9gi megjelen\u00e9s hozz\u00e1j\u00e1rul a c\u00e9g sikeres prom\u00f3ci\u00f3j\u00e1hoz.<\/p>\n<h3><strong>Grafikai anyagokhoz k\u00e9sz\u00edtett professzion\u00e1lis fot\u00f3k<\/strong><\/h3>\n<p>Amennyiben rekl\u00e1manyag\u00e1nak \u2013 p\u00e9ld\u00e1ul egy sajt\u00f3fal vagy prom\u00f3ci\u00f3s grafika \u2013 diz\u00e1jnj\u00e1hoz kiv\u00e1l\u00f3 min\u0151s\u00e9g\u0171 k\u00e9pre van sz\u00fcks\u00e9ge, biztos\u00edtjuk a megfelel\u0151 fot\u00f3kat. \u00cdgy garant\u00e1ljuk, hogy a v\u00e9gleges vizu\u00e1lis megjelen\u00e9s minden szempontb\u00f3l t\u00f6k\u00e9letes legyen.<\/p>\t\t\t\t\t\t<\/div>\n\t\t\t\t<\/div>\n\t\t\t\t<div class=\"elementor-element elementor-element-8ada924 elementor-widget-divider--view-line elementor-widget elementor-widget-divider\" data-id=\"8ada924\" data-element_type=\"widget\" data-widget_type=\"divider.default\">\n\t\t\t\t<div class=\"elementor-widget-container\">\n\t\t\t\t\t<div class=\"elementor-divider\">\n\t\t\t<span class=\"elementor-divider-separator\">\n\t\t\t\t\t\t<\/span>\n\t\t<\/div>\n\t\t\t\t<\/div>\n\t\t\t\t<\/div>\n\t\t\t\t<div class=\"elementor-element elementor-element-5de0f18 elementor-widget elementor-widget-text-editor\" data-id=\"5de0f18\" data-element_type=\"widget\" data-widget_type=\"text-editor.default\">\n\t\t\t\t<div class=\"elementor-widget-container\">\n\t\t\t\t\t\t\t<h2 data-pm-slice=\"1 1 []\"><strong>Mi\u00e9rt v\u00e1lassza szolg\u00e1ltat\u00e1sunkat?<\/strong><\/h2>\n<p>\u2714 <strong>Professzion\u00e1lis min\u0151s\u00e9g:<\/strong> Tapasztalt fot\u00f3sunk garant\u00e1lja a kiv\u00e1l\u00f3 vizu\u00e1lis tartalmat.<br \/>\u2714 <strong>Marketingf\u00f3kusz\u00fa k\u00e9sz\u00edt\u00e9s:<\/strong> Fot\u00f3ink nemcsak eszt\u00e9tikusak, hanem c\u00e9ljainak megfelel\u0151en kommunik\u00e1lnak.<br \/>\u2714 <strong>Egyedi ig\u00e9nyekhez igaz\u00edtva:<\/strong> Szem\u00e9lyre szabott megold\u00e1sokat biztos\u00edtunk, hogy minden \u00f6tlete megval\u00f3sulhasson.<\/p>\t\t\t\t\t\t<\/div>\n\t\t\t\t<\/div>\n\t\t\t\t<div class=\"elementor-element elementor-element-0f1fcb8 elementor-widget-divider--view-line elementor-widget elementor-widget-divider\" data-id=\"0f1fcb8\" data-element_type=\"widget\" data-widget_type=\"divider.default\">\n\t\t\t\t<div class=\"elementor-widget-container\">\n\t\t\t\t\t<div class=\"elementor-divider\">\n\t\t\t<span class=\"elementor-divider-separator\">\n\t\t\t\t\t\t<\/span>\n\t\t<\/div>\n\t\t\t\t<\/div>\n\t\t\t\t<\/div>\n\t\t\t\t<div class=\"elementor-element elementor-element-adf39e2 elementor-widget elementor-widget-text-editor\" data-id=\"adf39e2\" data-element_type=\"widget\" data-widget_type=\"text-editor.default\">\n\t\t\t\t<div class=\"elementor-widget-container\">\n\t\t\t\t\t\t\t<h2 data-pm-slice=\"1 1 []\"><strong>V\u00e1lassza professzion\u00e1lis fot\u00f3z\u00e1si szolg\u00e1ltat\u00e1sunkat<\/strong><\/h2>\n<p>Tegye eml\u00e9kezetess\u00e9 rendezv\u00e9ny\u00e9t \u00e9s rekl\u00e1mstandj\u00e1t professzion\u00e1lis fot\u00f3inkkal. L\u00e9pjen kapcsolatba vel\u00fcnk, \u00e9s biztos\u00edtsa esem\u00e9nye vizu\u00e1lis siker\u00e9t.<\/p>\n<p>\u00a0<\/p>\t\t\t\t\t\t<\/div>\n\t\t\t\t<\/div>\n\t\t\t\t<div class=\"elementor-element elementor-element-175606e elementor-align-center elementor-widget elementor-widget-button\" data-id=\"175606e\" data-element_type=\"widget\" data-widget_type=\"button.default\">\n\t\t\t\t<div class=\"elementor-widget-container\">\n\t\t\t\t\t<div class=\"elementor-button-wrapper\">\n\t\t\t<a class=\"elementor-button elementor-button-link elementor-size-sm\" href=\"https:\/\/www.mobildisplay.hu\/index.php\/elerhetoseg\/\">\n\t\t\t\t\t\t<span class=\"elementor-button-content-wrapper\">\n\t\t\t\t\t\t\t\t\t<span class=\"elementor-button-text\">El\u00e9rhet\u0151s\u00e9gek<\/span>\n\t\t\t\t\t<\/span>\n\t\t\t\t\t<\/a>\n\t\t<\/div>\n\t\t\t\t<\/div>\n\t\t\t\t<\/div>\n\t\t\t\t\t<\/div>\n\t\t<\/div>\n\t\t\t\t\t<\/div>\n\t\t<\/section>\n\t\t\t\t<\/div>\n\t\t","protected":false},"excerpt":{"rendered":"<p>Professzion\u00e1lis fot\u00f3z\u00e1s rendezv\u00e9nyekhez Kiemelked\u0151 min\u0151s\u00e9g\u0171 k\u00e9pi dokument\u00e1ci\u00f3val biztos\u00edtjuk, hogy rendezv\u00e9nye \u00e9s ki\u00e1ll\u00edt\u00e1sa a legjobb vizu\u00e1lis megjelen\u00e9st kapja. Tapasztalt fot\u00f3sunk seg\u00edt abban, hogy esem\u00e9nye nemcsak eml\u00e9k&hellip;<\/p>\n","protected":false},"author":1,"featured_media":0,"parent":0,"menu_order":0,"comment_status":"closed","ping_status":"closed","template":"","meta":{"om_disable_all_campaigns":false,"_monsterinsights_skip_tracking":false,"_monsterinsights_sitenote_active":false,"_monsterinsights_sitenote_note":"","_monsterinsights_sitenote_category":0,"footnotes":""},"aioseo_notices":[],"_links":{"self":[{"href":"https:\/\/www.mobildisplay.hu\/index.php\/wp-json\/wp\/v2\/pages\/1562"}],"collection":[{"href":"https:\/\/www.mobildisplay.hu\/index.php\/wp-json\/wp\/v2\/pages"}],"about":[{"href":"https:\/\/www.mobildisplay.hu\/index.php\/wp-json\/wp\/v2\/types\/page"}],"author":[{"embeddable":true,"href":"https:\/\/www.mobildisplay.hu\/index.php\/wp-json\/wp\/v2\/users\/1"}],"replies":[{"embeddable":true,"href":"https:\/\/www.mobildisplay.hu\/index.php\/wp-json\/wp\/v2\/comments?post=1562"}],"version-history":[{"count":35,"href":"https:\/\/www.mobildisplay.hu\/index.php\/wp-json\/wp\/v2\/pages\/1562\/revisions"}],"predecessor-version":[{"id":5183,"href":"https:\/\/www.mobildisplay.hu\/index.php\/wp-json\/wp\/v2\/pages\/1562\/revisions\/5183"}],"wp:attachment":[{"href":"https:\/\/www.mobildisplay.hu\/index.php\/wp-json\/wp\/v2\/media?parent=1562"}],"curies":[{"name":"wp","href":"https:\/\/api.w.org\/{rel}","templated":true}]}}