{"id":1560,"date":"2020-05-03T15:52:13","date_gmt":"2020-05-03T15:52:13","guid":{"rendered":"https:\/\/www.mobildisplay.hu\/?page_id=1560"},"modified":"2025-12-15T08:27:12","modified_gmt":"2025-12-15T08:27:12","slug":"grafikai-tervezes","status":"publish","type":"page","link":"https:\/\/www.mobildisplay.hu\/index.php\/grafikai-tervezes\/","title":{"rendered":"Grafikai tervez\u00e9s"},"content":{"rendered":"\t\t<div data-elementor-type=\"wp-page\" data-elementor-id=\"1560\" class=\"elementor elementor-1560\">\n\t\t\t\t\t\t<section class=\"elementor-section elementor-top-section elementor-element elementor-element-4f03c00 elementor-section-boxed elementor-section-height-default elementor-section-height-default\" data-id=\"4f03c00\" data-element_type=\"section\">\n\t\t\t\t\t\t<div class=\"elementor-container elementor-column-gap-default\">\n\t\t\t\t\t<div class=\"elementor-column elementor-col-100 elementor-top-column elementor-element elementor-element-947456f\" data-id=\"947456f\" data-element_type=\"column\">\n\t\t\t<div class=\"elementor-widget-wrap elementor-element-populated\">\n\t\t\t\t\t\t<div class=\"elementor-element elementor-element-5d61aa2 elementor-widget elementor-widget-text-editor\" data-id=\"5d61aa2\" data-element_type=\"widget\" data-widget_type=\"text-editor.default\">\n\t\t\t\t<div class=\"elementor-widget-container\">\n\t\t\t\t\t\t\t<h2 data-pm-slice=\"1 1 []\"><strong>Professzion\u00e1lis grafikai tervez\u00e9s<\/strong><\/h2>\n<p>C\u00e9g\u00fcnk \u00e1tfog\u00f3, teljesk\u00f6r\u0171 \u00e9s szem\u00e9lyre szabott grafikai tervez\u00e9si \u00e9s kivitelez\u00e9si szolg\u00e1ltat\u00e1sokat k\u00edn\u00e1l, amelyekkel biztos\u00edtjuk \u00fcgyfeleink sz\u00e1m\u00e1ra a legmagasabb sz\u00ednvonal\u00fa vizu\u00e1lis megjelen\u00e9st. Minden egyes projekt eset\u00e9ben gondosan megtervezz\u00fck \u00e9s kivitelezz\u00fck az elk\u00e9pzel\u00e9seinek megfelel\u0151 kreat\u00edv anyagokat, amelyeket a legide\u00e1lisabb alapanyagra nyomtatva k\u00e9sz\u00edt\u00fcnk el, hogy azok tart\u00f3sak, eszt\u00e9tikusak \u00e9s funkcion\u00e1lisan is kifog\u00e1stalanok legyenek.<\/p>\t\t\t\t\t\t<\/div>\n\t\t\t\t<\/div>\n\t\t\t\t<div class=\"elementor-element elementor-element-0ea6281 elementor-widget-divider--view-line elementor-widget elementor-widget-divider\" data-id=\"0ea6281\" data-element_type=\"widget\" data-widget_type=\"divider.default\">\n\t\t\t\t<div class=\"elementor-widget-container\">\n\t\t\t\t\t<div class=\"elementor-divider\">\n\t\t\t<span class=\"elementor-divider-separator\">\n\t\t\t\t\t\t<\/span>\n\t\t<\/div>\n\t\t\t\t<\/div>\n\t\t\t\t<\/div>\n\t\t\t\t\t<\/div>\n\t\t<\/div>\n\t\t\t\t\t<\/div>\n\t\t<\/section>\n\t\t\t\t<section class=\"elementor-section elementor-top-section elementor-element elementor-element-90a5b32 elementor-section-boxed elementor-section-height-default elementor-section-height-default\" data-id=\"90a5b32\" data-element_type=\"section\">\n\t\t\t\t\t\t<div class=\"elementor-container elementor-column-gap-default\">\n\t\t\t\t\t<div class=\"elementor-column elementor-col-50 elementor-top-column elementor-element elementor-element-660377b\" data-id=\"660377b\" data-element_type=\"column\">\n\t\t\t<div class=\"elementor-widget-wrap elementor-element-populated\">\n\t\t\t\t\t\t<div class=\"elementor-element elementor-element-0ec546e elementor-widget elementor-widget-text-editor\" data-id=\"0ec546e\" data-element_type=\"widget\" data-widget_type=\"text-editor.default\">\n\t\t\t\t<div class=\"elementor-widget-container\">\n\t\t\t\t\t\t\t<h3 data-pm-slice=\"1 1 []\"><strong>Prec\u00edz \u00e9s l\u00e1tv\u00e1nyos megold\u00e1sok<\/strong><\/h3>\n<p>Grafikusunk \u00e9vek \u00f3ta szorosan egy\u00fcttm\u0171k\u00f6dik rekl\u00e1meszk\u00f6z\u00f6ket forgalmaz\u00f3 csapatunkkal, \u00edgy garant\u00e1ljuk, hogy az elk\u00e9sz\u00fclt grafikai tervek minden param\u00e9ter\u00fckben t\u00f6k\u00e9letesen illeszkednek a kiv\u00e1lasztott szerkezetek m\u00e9ret\u00e9hez. Ez a koordin\u00e1ci\u00f3 biztos\u00edtja, hogy az \u00d6n rekl\u00e1manyagai nemcsak vizu\u00e1lisan vonz\u00f3ak, hanem technikailag is hib\u00e1tlanok legyenek, elker\u00fclve az esetleges m\u00e9ret- \u00e9s ar\u00e1nyprobl\u00e9m\u00e1kat.<\/p>\t\t\t\t\t\t<\/div>\n\t\t\t\t<\/div>\n\t\t\t\t\t<\/div>\n\t\t<\/div>\n\t\t\t\t<div class=\"elementor-column elementor-col-50 elementor-top-column elementor-element elementor-element-3b3fc16\" data-id=\"3b3fc16\" data-element_type=\"column\">\n\t\t\t<div class=\"elementor-widget-wrap elementor-element-populated\">\n\t\t\t\t\t\t<div class=\"elementor-element elementor-element-9ac8efc elementor-widget elementor-widget-text-editor\" data-id=\"9ac8efc\" data-element_type=\"widget\" data-widget_type=\"text-editor.default\">\n\t\t\t\t<div class=\"elementor-widget-container\">\n\t\t\t\t\t\t\t<h3 data-pm-slice=\"1 1 []\"><strong>Mi\u00e9rt v\u00e1lasszon minket?<\/strong><\/h3>\n<p>\u2714 Egyedi, ig\u00e9nyre szabott grafikai tervez\u00e9s<br \/>\u2714 T\u00f6k\u00e9letes m\u00e9retar\u00e1ny \u00e9s prec\u00edz illeszked\u00e9s<br \/>\u2714 Magas min\u0151s\u00e9g\u0171 kivitelez\u00e9s \u00e9s id\u0151t\u00e1ll\u00f3 megold\u00e1sok<br \/>\u2714 Gyors \u00e9s rugalmas kivitelez\u00e9s<br \/>\u2714 Professzion\u00e1lis csapat, t\u00f6bb\u00e9ves tapasztalattal<\/p>\t\t\t\t\t\t<\/div>\n\t\t\t\t<\/div>\n\t\t\t\t\t<\/div>\n\t\t<\/div>\n\t\t\t\t\t<\/div>\n\t\t<\/section>\n\t\t\t\t<section class=\"elementor-section elementor-top-section elementor-element elementor-element-79610af elementor-section-boxed elementor-section-height-default elementor-section-height-default\" data-id=\"79610af\" data-element_type=\"section\">\n\t\t\t\t\t\t<div class=\"elementor-container elementor-column-gap-default\">\n\t\t\t\t\t<div class=\"elementor-column elementor-col-100 elementor-top-column elementor-element elementor-element-1aa9948\" data-id=\"1aa9948\" data-element_type=\"column\">\n\t\t\t<div class=\"elementor-widget-wrap elementor-element-populated\">\n\t\t\t\t\t\t<div class=\"elementor-element elementor-element-af8fa59 elementor-widget-divider--view-line elementor-widget elementor-widget-divider\" data-id=\"af8fa59\" data-element_type=\"widget\" data-widget_type=\"divider.default\">\n\t\t\t\t<div class=\"elementor-widget-container\">\n\t\t\t\t\t<div class=\"elementor-divider\">\n\t\t\t<span class=\"elementor-divider-separator\">\n\t\t\t\t\t\t<\/span>\n\t\t<\/div>\n\t\t\t\t<\/div>\n\t\t\t\t<\/div>\n\t\t\t\t\t<\/div>\n\t\t<\/div>\n\t\t\t\t\t<\/div>\n\t\t<\/section>\n\t\t\t\t<section class=\"elementor-section elementor-top-section elementor-element elementor-element-2786574 elementor-section-boxed elementor-section-height-default elementor-section-height-default\" data-id=\"2786574\" data-element_type=\"section\">\n\t\t\t\t\t\t<div class=\"elementor-container elementor-column-gap-default\">\n\t\t\t\t\t<div class=\"elementor-column elementor-col-50 elementor-top-column elementor-element elementor-element-a32b985\" data-id=\"a32b985\" data-element_type=\"column\">\n\t\t\t<div class=\"elementor-widget-wrap elementor-element-populated\">\n\t\t\t\t\t\t<div class=\"elementor-element elementor-element-ca73a4d elementor-widget elementor-widget-text-editor\" data-id=\"ca73a4d\" data-element_type=\"widget\" data-widget_type=\"text-editor.default\">\n\t\t\t\t<div class=\"elementor-widget-container\">\n\t\t\t\t\t\t\t<h3 data-pm-slice=\"1 1 []\"><strong>Mire van sz\u00fcks\u00e9ge grafikusunknak a t\u00f6k\u00e9letes v\u00e9geredm\u00e9nyhez?<\/strong><\/h3>\n<p>\u2714 Az \u00d6n elk\u00e9pzel\u00e9s\u00e9re az elrendez\u00e9s, sz\u00f6veg, sz\u00ednvil\u00e1g \u00e9s egy\u00e9b vizu\u00e1lis elemek tekintet\u00e9ben \u2013 ig\u00e9ny eset\u00e9n szak\u00e9rt\u0151i tan\u00e1csokkal is seg\u00edt\u00fcnk a d\u00f6nt\u00e9sben.<\/p>\n<p>\u2714 Vektoros form\u00e1tum\u00fa log\u00f3ra, amely biztos\u00edtja a megfelel\u0151 min\u0151s\u00e9get \u00e9s m\u00e9retezhet\u0151s\u00e9get.<\/p>\n<p>\u2714 Felhaszn\u00e1l\u00e1sra sz\u00e1nt, kiv\u00e1l\u00f3 min\u0151s\u00e9g\u0171 f\u00e9nyk\u00e9pekre.<\/p>\n<p>\u2714 A hirdet\u00e9shez sz\u00fcks\u00e9ges pontos sz\u00f6vegre.<\/p>\n<p>\u00a0<\/p>\t\t\t\t\t\t<\/div>\n\t\t\t\t<\/div>\n\t\t\t\t\t<\/div>\n\t\t<\/div>\n\t\t\t\t<div class=\"elementor-column elementor-col-50 elementor-top-column elementor-element elementor-element-c40db46\" data-id=\"c40db46\" data-element_type=\"column\">\n\t\t\t<div class=\"elementor-widget-wrap elementor-element-populated\">\n\t\t\t\t\t\t<div class=\"elementor-element elementor-element-28e94d0 elementor-widget elementor-widget-text-editor\" data-id=\"28e94d0\" data-element_type=\"widget\" data-widget_type=\"text-editor.default\">\n\t\t\t\t<div class=\"elementor-widget-container\">\n\t\t\t\t\t\t\t<h2 data-pm-slice=\"1 1 []\"><strong>Emelje ki v\u00e1llalkoz\u00e1s\u00e1t profi vizu\u00e1lis megjelen\u00e9ssel!<\/strong><\/h2>\n<p>Ha szeretn\u00e9, hogy rekl\u00e1manyagai t\u00f6k\u00e9letesen illeszkedjenek arculat\u00e1hoz, \u00e9s minden szempontb\u00f3l professzion\u00e1lis hat\u00e1st keltsenek, v\u00e1lassza grafikai tervez\u00e9si szolg\u00e1ltat\u00e1sunkat! Egyedi megold\u00e1sainkkal biztos\u00edtjuk, hogy vizu\u00e1lis anyagai kit\u0171njenek a t\u00f6megb\u0151l, \u00e9s hat\u00e9konyan t\u00e1mogass\u00e1k marketingc\u00e9ljait. Vegye fel vel\u00fcnk a kapcsolatot, \u00e9s k\u00e9sz\u00edts\u00fck el egy\u00fctt az \u00d6n sz\u00e1m\u00e1ra legmegfelel\u0151bb, eszt\u00e9tikus \u00e9s funkcion\u00e1lis grafikai anyagokat!<\/p>\t\t\t\t\t\t<\/div>\n\t\t\t\t<\/div>\n\t\t\t\t\t<\/div>\n\t\t<\/div>\n\t\t\t\t\t<\/div>\n\t\t<\/section>\n\t\t\t\t<section class=\"elementor-section elementor-top-section elementor-element elementor-element-80cbba7 elementor-section-boxed elementor-section-height-default elementor-section-height-default\" data-id=\"80cbba7\" data-element_type=\"section\">\n\t\t\t\t\t\t<div class=\"elementor-container elementor-column-gap-default\">\n\t\t\t\t\t<div class=\"elementor-column elementor-col-100 elementor-top-column elementor-element elementor-element-605010b\" data-id=\"605010b\" data-element_type=\"column\">\n\t\t\t<div class=\"elementor-widget-wrap elementor-element-populated\">\n\t\t\t\t\t\t<div class=\"elementor-element elementor-element-b48053b elementor-align-center elementor-widget elementor-widget-button\" data-id=\"b48053b\" data-element_type=\"widget\" data-widget_type=\"button.default\">\n\t\t\t\t<div class=\"elementor-widget-container\">\n\t\t\t\t\t<div class=\"elementor-button-wrapper\">\n\t\t\t<a class=\"elementor-button elementor-button-link elementor-size-sm\" href=\"https:\/\/www.mobildisplay.hu\/index.php\/elerhetoseg\/\">\n\t\t\t\t\t\t<span class=\"elementor-button-content-wrapper\">\n\t\t\t\t\t\t\t\t\t<span class=\"elementor-button-text\">El\u00e9rhet\u0151s\u00e9gek<\/span>\n\t\t\t\t\t<\/span>\n\t\t\t\t\t<\/a>\n\t\t<\/div>\n\t\t\t\t<\/div>\n\t\t\t\t<\/div>\n\t\t\t\t\t<\/div>\n\t\t<\/div>\n\t\t\t\t\t<\/div>\n\t\t<\/section>\n\t\t\t\t<\/div>\n\t\t","protected":false},"excerpt":{"rendered":"<p>Professzion\u00e1lis grafikai tervez\u00e9s C\u00e9g\u00fcnk \u00e1tfog\u00f3, teljesk\u00f6r\u0171 \u00e9s szem\u00e9lyre szabott grafikai tervez\u00e9si \u00e9s kivitelez\u00e9si szolg\u00e1ltat\u00e1sokat k\u00edn\u00e1l, amelyekkel biztos\u00edtjuk \u00fcgyfeleink sz\u00e1m\u00e1ra a legmagasabb sz\u00ednvonal\u00fa vizu\u00e1lis megjelen\u00e9st. Minden&hellip;<\/p>\n","protected":false},"author":1,"featured_media":0,"parent":0,"menu_order":0,"comment_status":"closed","ping_status":"closed","template":"","meta":{"om_disable_all_campaigns":false,"_monsterinsights_skip_tracking":false,"_monsterinsights_sitenote_active":false,"_monsterinsights_sitenote_note":"","_monsterinsights_sitenote_category":0,"footnotes":""},"aioseo_notices":[],"_links":{"self":[{"href":"https:\/\/www.mobildisplay.hu\/index.php\/wp-json\/wp\/v2\/pages\/1560"}],"collection":[{"href":"https:\/\/www.mobildisplay.hu\/index.php\/wp-json\/wp\/v2\/pages"}],"about":[{"href":"https:\/\/www.mobildisplay.hu\/index.php\/wp-json\/wp\/v2\/types\/page"}],"author":[{"embeddable":true,"href":"https:\/\/www.mobildisplay.hu\/index.php\/wp-json\/wp\/v2\/users\/1"}],"replies":[{"embeddable":true,"href":"https:\/\/www.mobildisplay.hu\/index.php\/wp-json\/wp\/v2\/comments?post=1560"}],"version-history":[{"count":37,"href":"https:\/\/www.mobildisplay.hu\/index.php\/wp-json\/wp\/v2\/pages\/1560\/revisions"}],"predecessor-version":[{"id":5180,"href":"https:\/\/www.mobildisplay.hu\/index.php\/wp-json\/wp\/v2\/pages\/1560\/revisions\/5180"}],"wp:attachment":[{"href":"https:\/\/www.mobildisplay.hu\/index.php\/wp-json\/wp\/v2\/media?parent=1560"}],"curies":[{"name":"wp","href":"https:\/\/api.w.org\/{rel}","templated":true}]}}

Grafikai tervezés

<div data-elementor-type="wp-page" data-elementor-id="1560" class="elementor elementor-1560">
						<section class="elementor-section elementor-top-section elementor-element elementor-element-4f03c00 elementor-section-boxed elementor-section-height-default elementor-section-height-default" data-id="4f03c00" data-element_type="section">
						<div class="elementor-container elementor-column-gap-default">
					<div class="elementor-column elementor-col-100 elementor-top-column elementor-element elementor-element-947456f" data-id="947456f" data-element_type="column">
			<div class="elementor-widget-wrap elementor-element-populated">
						<div class="elementor-element elementor-element-5d61aa2 elementor-widget elementor-widget-text-editor" data-id="5d61aa2" data-element_type="widget" data-widget_type="text-editor.default">
				<div class="elementor-widget-container">
							<h2 data-pm-slice="1 1 []"><strong>Professzionális grafikai tervezés</strong></h2>
<p>Cégünk átfogó, teljeskörű és személyre szabott grafikai tervezési és kivitelezési szolgáltatásokat kínál, amelyekkel biztosítjuk ügyfeleink számára a legmagasabb színvonalú vizuális megjelenést. Minden egyes projekt esetében gondosan megtervezzük és kivitelezzük az elképzeléseinek megfelelő kreatív anyagokat, amelyeket a legideálisabb alapanyagra nyomtatva készítünk el, hogy azok tartósak, esztétikusak és funkcionálisan is kifogástalanok legyenek.</p>						</div>
				</div>
				<div class="elementor-element elementor-element-0ea6281 elementor-widget-divider--view-line elementor-widget elementor-widget-divider" data-id="0ea6281" data-element_type="widget" data-widget_type="divider.default">
				<div class="elementor-widget-container">
					<div class="elementor-divider">
			<span class="elementor-divider-separator">
						</span>
		</div>
				</div>
				</div>
					</div>
		</div>
					</div>
		</section>
				<section class="elementor-section elementor-top-section elementor-element elementor-element-90a5b32 elementor-section-boxed elementor-section-height-default elementor-section-height-default" data-id="90a5b32" data-element_type="section">
						<div class="elementor-container elementor-column-gap-default">
					<div class="elementor-column elementor-col-50 elementor-top-column elementor-element elementor-element-660377b" data-id="660377b" data-element_type="column">
			<div class="elementor-widget-wrap elementor-element-populated">
						<div class="elementor-element elementor-element-0ec546e elementor-widget elementor-widget-text-editor" data-id="0ec546e" data-element_type="widget" data-widget_type="text-editor.default">
				<div class="elementor-widget-container">
							<h3 data-pm-slice="1 1 []"><strong>Precíz és látványos megoldások</strong></h3>
<p>Grafikusunk évek óta szorosan együttműködik reklámeszközöket forgalmazó csapatunkkal, így garantáljuk, hogy az elkészült grafikai tervek minden paraméterükben tökéletesen illeszkednek a kiválasztott szerkezetek méretéhez. Ez a koordináció biztosítja, hogy az Ön reklámanyagai nemcsak vizuálisan vonzóak, hanem technikailag is hibátlanok legyenek, elkerülve az esetleges méret- és arányproblémákat.</p>						</div>
				</div>
					</div>
		</div>
				<div class="elementor-column elementor-col-50 elementor-top-column elementor-element elementor-element-3b3fc16" data-id="3b3fc16" data-element_type="column">
			<div class="elementor-widget-wrap elementor-element-populated">
						<div class="elementor-element elementor-element-9ac8efc elementor-widget elementor-widget-text-editor" data-id="9ac8efc" data-element_type="widget" data-widget_type="text-editor.default">
				<div class="elementor-widget-container">
							<h3 data-pm-slice="1 1 []"><strong>Miért válasszon minket?</strong></h3>
<p>✔ Egyedi, igényre szabott grafikai tervezés<br />✔ Tökéletes méretarány és precíz illeszkedés<br />✔ Magas minőségű kivitelezés és időtálló megoldások<br />✔ Gyors és rugalmas kivitelezés<br />✔ Professzionális csapat, többéves tapasztalattal</p>						</div>
				</div>
					</div>
		</div>
					</div>
		</section>
				<section class="elementor-section elementor-top-section elementor-element elementor-element-79610af elementor-section-boxed elementor-section-height-default elementor-section-height-default" data-id="79610af" data-element_type="section">
						<div class="elementor-container elementor-column-gap-default">
					<div class="elementor-column elementor-col-100 elementor-top-column elementor-element elementor-element-1aa9948" data-id="1aa9948" data-element_type="column">
			<div class="elementor-widget-wrap elementor-element-populated">
						<div class="elementor-element elementor-element-af8fa59 elementor-widget-divider--view-line elementor-widget elementor-widget-divider" data-id="af8fa59" data-element_type="widget" data-widget_type="divider.default">
				<div class="elementor-widget-container">
					<div class="elementor-divider">
			<span class="elementor-divider-separator">
						</span>
		</div>
				</div>
				</div>
					</div>
		</div>
					</div>
		</section>
				<section class="elementor-section elementor-top-section elementor-element elementor-element-2786574 elementor-section-boxed elementor-section-height-default elementor-section-height-default" data-id="2786574" data-element_type="section">
						<div class="elementor-container elementor-column-gap-default">
					<div class="elementor-column elementor-col-50 elementor-top-column elementor-element elementor-element-a32b985" data-id="a32b985" data-element_type="column">
			<div class="elementor-widget-wrap elementor-element-populated">
						<div class="elementor-element elementor-element-ca73a4d elementor-widget elementor-widget-text-editor" data-id="ca73a4d" data-element_type="widget" data-widget_type="text-editor.default">
				<div class="elementor-widget-container">
							<h3 data-pm-slice="1 1 []"><strong>Mire van szüksége grafikusunknak a tökéletes végeredményhez?</strong></h3>
<p>✔ Az Ön elképzelésére az elrendezés, szöveg, színvilág és egyéb vizuális elemek tekintetében – igény esetén szakértői tanácsokkal is segítünk a döntésben.</p>
<p>✔ Vektoros formátumú logóra, amely biztosítja a megfelelő minőséget és méretezhetőséget.</p>
<p>✔ Felhasználásra szánt, kiváló minőségű fényképekre.</p>
<p>✔ A hirdetéshez szükséges pontos szövegre.</p>
<p> </p>						</div>
				</div>
					</div>
		</div>
				<div class="elementor-column elementor-col-50 elementor-top-column elementor-element elementor-element-c40db46" data-id="c40db46" data-element_type="column">
			<div class="elementor-widget-wrap elementor-element-populated">
						<div class="elementor-element elementor-element-28e94d0 elementor-widget elementor-widget-text-editor" data-id="28e94d0" data-element_type="widget" data-widget_type="text-editor.default">
				<div class="elementor-widget-container">
							<h2 data-pm-slice="1 1 []"><strong>Emelje ki vállalkozását profi vizuális megjelenéssel!</strong></h2>
<p>Ha szeretné, hogy reklámanyagai tökéletesen illeszkedjenek arculatához, és minden szempontból professzionális hatást keltsenek, válassza grafikai tervezési szolgáltatásunkat! Egyedi megoldásainkkal biztosítjuk, hogy vizuális anyagai kitűnjenek a tömegből, és hatékonyan támogassák marketingcéljait. Vegye fel velünk a kapcsolatot, és készítsük el együtt az Ön számára legmegfelelőbb, esztétikus és funkcionális grafikai anyagokat!</p>						</div>
				</div>
					</div>
		</div>
					</div>
		</section>
				<section class="elementor-section elementor-top-section elementor-element elementor-element-80cbba7 elementor-section-boxed elementor-section-height-default elementor-section-height-default" data-id="80cbba7" data-element_type="section">
						<div class="elementor-container elementor-column-gap-default">
					<div class="elementor-column elementor-col-100 elementor-top-column elementor-element elementor-element-605010b" data-id="605010b" data-element_type="column">
			<div class="elementor-widget-wrap elementor-element-populated">
						<div class="elementor-element elementor-element-b48053b elementor-align-center elementor-widget elementor-widget-button" data-id="b48053b" data-element_type="widget" data-widget_type="button.default">
				<div class="elementor-widget-container">
					<div class="elementor-button-wrapper">
			<a class="elementor-button elementor-button-link elementor-size-sm" href="https://www.mobildisplay.hu/index.php/elerhetoseg/">
						<span class="elementor-button-content-wrapper">
									<span class="elementor-button-text">Elérhetőségek</span>
					</span>
					</a>
		</div>
				</div>
				</div>
					</div>
		</div>
					</div>
		</section>
				</div>

<p>Professzionális grafikai tervezés Cégünk átfogó, teljeskörű és személyre szabott grafikai tervezési és kivitelezési szolgáltatásokat kínál, amelyekkel biztosítjuk ügyfeleink számára a legmagasabb színvonalú vizuális megjelenést. Minden&hellip;</p>
