{"id":1394,"date":"2018-05-03T07:52:20","date_gmt":"2018-05-03T07:52:20","guid":{"rendered":"http:\/\/customifysites.com\/customify-2018\/?page_id=1394"},"modified":"2025-10-01T13:14:30","modified_gmt":"2025-10-01T13:14:30","slug":"home","status":"publish","type":"page","link":"https:\/\/www.mobildisplay.hu\/","title":{"rendered":"Home"},"content":{"rendered":"\t\t<div data-elementor-type=\"wp-post\" data-elementor-id=\"1394\" class=\"elementor elementor-1394\">\n\t\t\t\t\t\t<section class=\"elementor-section elementor-top-section elementor-element elementor-element-48a8a999 elementor-section-height-min-height elementor-section-full_width elementor-section-height-default elementor-section-items-middle\" data-id=\"48a8a999\" data-element_type=\"section\" data-settings=\"{&quot;background_background&quot;:&quot;slideshow&quot;,&quot;background_slideshow_gallery&quot;:[{&quot;id&quot;:2222,&quot;url&quot;:&quot;https:\\\/\\\/www.mobildisplay.hu\\\/wp-content\\\/uploads\\\/2023\\\/01\\\/wave7_complete-high-12-scaled.jpg&quot;},{&quot;id&quot;:2226,&quot;url&quot;:&quot;https:\\\/\\\/www.mobildisplay.hu\\\/wp-content\\\/uploads\\\/2023\\\/01\\\/mbd-ljusvagg-med-3-skap-58012a-scaled.jpg&quot;}],&quot;background_slideshow_slide_duration&quot;:6000,&quot;background_slideshow_ken_burns&quot;:&quot;yes&quot;,&quot;background_slideshow_ken_burns_zoom_direction&quot;:&quot;out&quot;,&quot;background_slideshow_loop&quot;:&quot;yes&quot;,&quot;background_slideshow_slide_transition&quot;:&quot;fade&quot;,&quot;background_slideshow_transition_duration&quot;:500}\">\n\t\t\t\t\t\t\t<div class=\"elementor-background-overlay\"><\/div>\n\t\t\t\t\t\t\t<div class=\"elementor-container elementor-column-gap-default\">\n\t\t\t\t\t<div class=\"elementor-column elementor-col-100 elementor-top-column elementor-element elementor-element-d1692e6\" data-id=\"d1692e6\" data-element_type=\"column\">\n\t\t\t<div class=\"elementor-widget-wrap\">\n\t\t\t\t\t\t\t<\/div>\n\t\t<\/div>\n\t\t\t\t\t<\/div>\n\t\t<\/section>\n\t\t\t\t<section class=\"elementor-section elementor-top-section elementor-element elementor-element-8443769 elementor-section-boxed elementor-section-height-default elementor-section-height-default\" data-id=\"8443769\" data-element_type=\"section\">\n\t\t\t\t\t\t<div class=\"elementor-container elementor-column-gap-default\">\n\t\t\t\t\t<div class=\"elementor-column elementor-col-100 elementor-top-column elementor-element elementor-element-604c6b7\" data-id=\"604c6b7\" data-element_type=\"column\">\n\t\t\t<div class=\"elementor-widget-wrap elementor-element-populated\">\n\t\t\t\t\t\t<div class=\"elementor-element elementor-element-40f5094 elementor-widget elementor-widget-heading\" data-id=\"40f5094\" data-element_type=\"widget\" data-widget_type=\"heading.default\">\n\t\t\t\t<div class=\"elementor-widget-container\">\n\t\t\t<h1 class=\"elementor-heading-title elementor-size-default\">Professzion\u00e1lis megjelen\u00e9s exp\u00f3kra \u00e9s rendezv\u00e9nyekre<\/h1>\t\t<\/div>\n\t\t\t\t<\/div>\n\t\t\t\t\t<\/div>\n\t\t<\/div>\n\t\t\t\t\t<\/div>\n\t\t<\/section>\n\t\t\t\t<section class=\"elementor-section elementor-top-section elementor-element elementor-element-b8e6333 elementor-section-boxed elementor-section-height-default elementor-section-height-default\" data-id=\"b8e6333\" data-element_type=\"section\">\n\t\t\t\t\t\t<div class=\"elementor-container elementor-column-gap-default\">\n\t\t\t\t\t<div class=\"elementor-column elementor-col-100 elementor-top-column elementor-element elementor-element-c587707\" data-id=\"c587707\" data-element_type=\"column\">\n\t\t\t<div class=\"elementor-widget-wrap elementor-element-populated\">\n\t\t\t\t\t\t<div class=\"elementor-element elementor-element-67d7d63 elementor-widget elementor-widget-heading\" data-id=\"67d7d63\" data-element_type=\"widget\" data-widget_type=\"heading.default\">\n\t\t\t\t<div class=\"elementor-widget-container\">\n\t\t\t<h2 class=\"elementor-heading-title elementor-size-default\">Sajt\u00f3falak, molin\u00f3k, rekl\u00e1meszk\u00f6z\u00f6k \u00e9s ki\u00e1ll\u00edt\u00e1si rendszerek \u2013 ak\u00e1r b\u00e9rl\u00e9si lehet\u0151s\u00e9ggel!<\/h2>\t\t<\/div>\n\t\t\t\t<\/div>\n\t\t\t\t\t<\/div>\n\t\t<\/div>\n\t\t\t\t\t<\/div>\n\t\t<\/section>\n\t\t\t\t<section class=\"elementor-section elementor-top-section elementor-element elementor-element-1f64b71 elementor-section-boxed elementor-section-height-default elementor-section-height-default\" data-id=\"1f64b71\" data-element_type=\"section\">\n\t\t\t\t\t\t<div class=\"elementor-container elementor-column-gap-default\">\n\t\t\t\t\t<div class=\"elementor-column elementor-col-50 elementor-top-column elementor-element elementor-element-0a2daef\" data-id=\"0a2daef\" data-element_type=\"column\">\n\t\t\t<div class=\"elementor-widget-wrap elementor-element-populated\">\n\t\t\t\t\t\t<div class=\"elementor-element elementor-element-2dea864 elementor-position-left elementor-vertical-align-top elementor-widget elementor-widget-image-box\" data-id=\"2dea864\" data-element_type=\"widget\" data-widget_type=\"image-box.default\">\n\t\t\t\t<div class=\"elementor-widget-container\">\n\t\t\t<div class=\"elementor-image-box-wrapper\"><figure class=\"elementor-image-box-img\"><a href=\"https:\/\/www.mobildisplay.hu\/index.php\/termekek\/roll-up\/\" tabindex=\"-1\"><img fetchpriority=\"high\" decoding=\"async\" width=\"1417\" height=\"1417\" src=\"https:\/\/www.mobildisplay.hu\/wp-content\/uploads\/2020\/06\/1-Roll-Up-banner.jpg\" class=\"attachment-full size-full wp-image-1694\" alt=\"Roll-up rendszerek\" srcset=\"https:\/\/www.mobildisplay.hu\/wp-content\/uploads\/2020\/06\/1-Roll-Up-banner.jpg 1417w, https:\/\/www.mobildisplay.hu\/wp-content\/uploads\/2020\/06\/1-Roll-Up-banner-300x300.jpg 300w, https:\/\/www.mobildisplay.hu\/wp-content\/uploads\/2020\/06\/1-Roll-Up-banner-1024x1024.jpg 1024w, https:\/\/www.mobildisplay.hu\/wp-content\/uploads\/2020\/06\/1-Roll-Up-banner-150x150.jpg 150w, https:\/\/www.mobildisplay.hu\/wp-content\/uploads\/2020\/06\/1-Roll-Up-banner-768x768.jpg 768w\" sizes=\"(max-width: 1417px) 100vw, 1417px\" \/><\/a><\/figure><div class=\"elementor-image-box-content\"><h3 class=\"elementor-image-box-title\"><a href=\"https:\/\/www.mobildisplay.hu\/index.php\/termekek\/roll-up\/\">Roll-up rendszerek<\/a><\/h3><p class=\"elementor-image-box-description\">N\u00e9pszer\u0171, kih\u00fazhat\u00f3 prezent\u00e1ci\u00f3s eszk\u00f6z figyelemfelkelt\u0151 nyomattal. Ide\u00e1lis ki\u00e1ll\u00edt\u00e1sokra, \u00fczletekbe \u00e9s rendezv\u00e9nyekre.<\/p><\/div><\/div>\t\t<\/div>\n\t\t\t\t<\/div>\n\t\t\t\t<div class=\"elementor-element elementor-element-e641002 elementor-position-left elementor-vertical-align-top elementor-widget elementor-widget-image-box\" data-id=\"e641002\" data-element_type=\"widget\" data-widget_type=\"image-box.default\">\n\t\t\t\t<div class=\"elementor-widget-container\">\n\t\t\t<div class=\"elementor-image-box-wrapper\"><figure class=\"elementor-image-box-img\"><a href=\"https:\/\/www.mobildisplay.hu\/index.php\/termekek\/prospektustartok\/\" tabindex=\"-1\"><img decoding=\"async\" width=\"1709\" height=\"2560\" src=\"https:\/\/www.mobildisplay.hu\/wp-content\/uploads\/2023\/01\/swingup-user-3-scaled.jpg\" class=\"attachment-full size-full wp-image-2401\" alt=\"Prospektustart\u00f3k\" srcset=\"https:\/\/www.mobildisplay.hu\/wp-content\/uploads\/2023\/01\/swingup-user-3-scaled.jpg 1709w, https:\/\/www.mobildisplay.hu\/wp-content\/uploads\/2023\/01\/swingup-user-3-200x300.jpg 200w, https:\/\/www.mobildisplay.hu\/wp-content\/uploads\/2023\/01\/swingup-user-3-684x1024.jpg 684w, https:\/\/www.mobildisplay.hu\/wp-content\/uploads\/2023\/01\/swingup-user-3-768x1150.jpg 768w, https:\/\/www.mobildisplay.hu\/wp-content\/uploads\/2023\/01\/swingup-user-3-1025x1536.jpg 1025w, https:\/\/www.mobildisplay.hu\/wp-content\/uploads\/2023\/01\/swingup-user-3-1367x2048.jpg 1367w\" sizes=\"(max-width: 1709px) 100vw, 1709px\" \/><\/a><\/figure><div class=\"elementor-image-box-content\"><h3 class=\"elementor-image-box-title\"><a href=\"https:\/\/www.mobildisplay.hu\/index.php\/termekek\/prospektustartok\/\">Prospektustart\u00f3k<\/a><\/h3><p class=\"elementor-image-box-description\">F\u00e9m szerkezet\u0171, k\u00f6nnyen nyithat\u00f3 \u00e9s csukhat\u00f3, hordozhat\u00f3 sz\u00f3r\u00f3lap- \u00e9s prospektustart\u00f3 \u00e1llv\u00e1nyok. <\/p><\/div><\/div>\t\t<\/div>\n\t\t\t\t<\/div>\n\t\t\t\t<div class=\"elementor-element elementor-element-d9f7e77 elementor-position-left elementor-vertical-align-top elementor-widget elementor-widget-image-box\" data-id=\"d9f7e77\" data-element_type=\"widget\" data-widget_type=\"image-box.default\">\n\t\t\t\t<div class=\"elementor-widget-container\">\n\t\t\t<div class=\"elementor-image-box-wrapper\"><figure class=\"elementor-image-box-img\"><a href=\"https:\/\/www.mobildisplay.hu\/index.php\/termekek\/pop-up-sajto-falak\/\" tabindex=\"-1\"><img decoding=\"async\" width=\"1417\" height=\"1417\" src=\"https:\/\/www.mobildisplay.hu\/wp-content\/uploads\/2024\/02\/3-Sajto-fal-Pop-Up.jpg\" class=\"attachment-full size-full wp-image-4029\" alt=\"Sajt\u00f3falak\" srcset=\"https:\/\/www.mobildisplay.hu\/wp-content\/uploads\/2024\/02\/3-Sajto-fal-Pop-Up.jpg 1417w, https:\/\/www.mobildisplay.hu\/wp-content\/uploads\/2024\/02\/3-Sajto-fal-Pop-Up-300x300.jpg 300w, https:\/\/www.mobildisplay.hu\/wp-content\/uploads\/2024\/02\/3-Sajto-fal-Pop-Up-1024x1024.jpg 1024w, https:\/\/www.mobildisplay.hu\/wp-content\/uploads\/2024\/02\/3-Sajto-fal-Pop-Up-150x150.jpg 150w, https:\/\/www.mobildisplay.hu\/wp-content\/uploads\/2024\/02\/3-Sajto-fal-Pop-Up-768x768.jpg 768w\" sizes=\"(max-width: 1417px) 100vw, 1417px\" \/><\/a><\/figure><div class=\"elementor-image-box-content\"><h3 class=\"elementor-image-box-title\"><a href=\"https:\/\/www.mobildisplay.hu\/index.php\/termekek\/pop-up-sajto-falak\/\">Sajt\u00f3falak<\/a><\/h3><p class=\"elementor-image-box-description\">Gyorsan \u00e9s egyszer\u0171en fel\u00e1ll\u00edthat\u00f3 h\u00e1tt\u00e9rfalak rendezv\u00e9nyekre, ki\u00e1ll\u00edt\u00e1sokra \u00e9s sajt\u00f3esem\u00e9nyekre. V\u00e1laszthat\u00f3k PopUp vagy cs\u0151v\u00e1zas kivitelben, l\u00e1tv\u00e1nyos \u00e9s professzion\u00e1lis megjelen\u00e9ssel.<\/p><\/div><\/div>\t\t<\/div>\n\t\t\t\t<\/div>\n\t\t\t\t<div class=\"elementor-element elementor-element-13a7792 elementor-position-left elementor-vertical-align-top elementor-widget elementor-widget-image-box\" data-id=\"13a7792\" data-element_type=\"widget\" data-widget_type=\"image-box.default\">\n\t\t\t\t<div class=\"elementor-widget-container\">\n\t\t\t<div class=\"elementor-image-box-wrapper\"><figure class=\"elementor-image-box-img\"><a href=\"https:\/\/www.mobildisplay.hu\/index.php\/termekek\/lightbox\/\" tabindex=\"-1\"><img loading=\"lazy\" decoding=\"async\" width=\"150\" height=\"150\" src=\"https:\/\/www.mobildisplay.hu\/wp-content\/uploads\/2023\/01\/3x2lightup-angle-e1672830555883-150x150.png\" class=\"attachment-thumbnail size-thumbnail wp-image-2172\" alt=\"LightBox vil\u00e1g\u00edt\u00f3 LED falak\" \/><\/a><\/figure><div class=\"elementor-image-box-content\"><h3 class=\"elementor-image-box-title\"><a href=\"https:\/\/www.mobildisplay.hu\/index.php\/termekek\/lightbox\/\">LightBox-vil\u00e1g\u00edt\u00f3 LED falak<\/a><\/h3><p class=\"elementor-image-box-description\">Pr\u00e9mium min\u0151s\u00e9g\u0171, LED technol\u00f3gi\u00e1s sajt\u00f3fal modern vizu\u00e1lis \u00e9lm\u00e9nnyel. Egym\u00e1s mell\u00e9 sorolhat\u00f3 elemekkel l\u00e1tv\u00e1nyos \u00e9s rugalmas megold\u00e1st biztos\u00edt rendezv\u00e9nyekre \u00e9s ki\u00e1ll\u00edt\u00e1sokra.<\/p><\/div><\/div>\t\t<\/div>\n\t\t\t\t<\/div>\n\t\t\t\t<div class=\"elementor-element elementor-element-3bfa9a9 elementor-position-left elementor-vertical-align-top elementor-widget elementor-widget-image-box\" data-id=\"3bfa9a9\" data-element_type=\"widget\" data-widget_type=\"image-box.default\">\n\t\t\t\t<div class=\"elementor-widget-container\">\n\t\t\t<div class=\"elementor-image-box-wrapper\"><figure class=\"elementor-image-box-img\"><a href=\"https:\/\/www.mobildisplay.hu\/index.php\/termekek\/kulteri-megoldasok\/\" tabindex=\"-1\"><img loading=\"lazy\" decoding=\"async\" width=\"1417\" height=\"1417\" src=\"https:\/\/www.mobildisplay.hu\/wp-content\/uploads\/2024\/02\/9-Kulteri-megoldasok.jpg\" class=\"attachment-full size-full wp-image-4034\" alt=\"K\u00fclt\u00e9ri ki\u00e1ll\u00edt\u00e1si rendszerek\" srcset=\"https:\/\/www.mobildisplay.hu\/wp-content\/uploads\/2024\/02\/9-Kulteri-megoldasok.jpg 1417w, https:\/\/www.mobildisplay.hu\/wp-content\/uploads\/2024\/02\/9-Kulteri-megoldasok-300x300.jpg 300w, https:\/\/www.mobildisplay.hu\/wp-content\/uploads\/2024\/02\/9-Kulteri-megoldasok-1024x1024.jpg 1024w, https:\/\/www.mobildisplay.hu\/wp-content\/uploads\/2024\/02\/9-Kulteri-megoldasok-150x150.jpg 150w, https:\/\/www.mobildisplay.hu\/wp-content\/uploads\/2024\/02\/9-Kulteri-megoldasok-768x768.jpg 768w\" sizes=\"(max-width: 1417px) 100vw, 1417px\" \/><\/a><\/figure><div class=\"elementor-image-box-content\"><h3 class=\"elementor-image-box-title\"><a href=\"https:\/\/www.mobildisplay.hu\/index.php\/termekek\/kulteri-megoldasok\/\">K\u00fclt\u00e9ri ki\u00e1ll\u00edt\u00e1si rendszerek<\/a><\/h3><p class=\"elementor-image-box-description\">Id\u0151j\u00e1r\u00e1s\u00e1ll\u00f3, figyelemfelkelt\u0151 megold\u00e1sok rendezv\u00e9nyekre \u00e9s prom\u00f3ci\u00f3kra. K\u00edn\u00e1latunkban strandz\u00e1szl\u00f3k, meg\u00e1ll\u00edt\u00f3 t\u00e1bl\u00e1k, textil falak \u00e9s k\u00edn\u00e1l\u00f3 pultok szerepelnek a hat\u00e9kony k\u00fclt\u00e9ri megjelen\u00e9shez.<\/p><\/div><\/div>\t\t<\/div>\n\t\t\t\t<\/div>\n\t\t\t\t\t<\/div>\n\t\t<\/div>\n\t\t\t\t<div class=\"elementor-column elementor-col-50 elementor-top-column elementor-element elementor-element-26a82d0\" data-id=\"26a82d0\" data-element_type=\"column\">\n\t\t\t<div class=\"elementor-widget-wrap elementor-element-populated\">\n\t\t\t\t\t\t<div class=\"elementor-element elementor-element-61b1434 elementor-position-left elementor-vertical-align-top elementor-widget elementor-widget-image-box\" data-id=\"61b1434\" data-element_type=\"widget\" data-widget_type=\"image-box.default\">\n\t\t\t\t<div class=\"elementor-widget-container\">\n\t\t\t<div class=\"elementor-image-box-wrapper\"><figure class=\"elementor-image-box-img\"><a href=\"https:\/\/www.mobildisplay.hu\/index.php\/termekek\/molino-tartok\/\" tabindex=\"-1\"><img loading=\"lazy\" decoding=\"async\" width=\"768\" height=\"768\" src=\"https:\/\/www.mobildisplay.hu\/wp-content\/uploads\/2024\/02\/2-Molino-tartok.jpg\" class=\"attachment-full size-full wp-image-4025\" alt=\"Molin\u00f3tart\u00f3-\u00e1llv\u00e1nyok\" srcset=\"https:\/\/www.mobildisplay.hu\/wp-content\/uploads\/2024\/02\/2-Molino-tartok.jpg 768w, https:\/\/www.mobildisplay.hu\/wp-content\/uploads\/2024\/02\/2-Molino-tartok-300x300.jpg 300w, https:\/\/www.mobildisplay.hu\/wp-content\/uploads\/2024\/02\/2-Molino-tartok-150x150.jpg 150w\" sizes=\"(max-width: 768px) 100vw, 768px\" \/><\/a><\/figure><div class=\"elementor-image-box-content\"><h3 class=\"elementor-image-box-title\"><a href=\"https:\/\/www.mobildisplay.hu\/index.php\/termekek\/molino-tartok\/\">Molin\u00f3tart\u00f3 \u00e1llv\u00e1nyok<\/a><\/h3><p class=\"elementor-image-box-description\">K\u00f6lts\u00e9ghat\u00e9kony megold\u00e1s a molin\u00f3k gyors \u00e9s stabil ki\u00e1ll\u00edt\u00e1s\u00e1hoz. K\u00f6nnyen \u00f6ssze\u00e1ll\u00edthat\u00f3 \u00e1llv\u00e1nyok, ide\u00e1lisak belt\u00e9ri rendezv\u00e9nyekre, konferenci\u00e1kra \u00e9s prom\u00f3ci\u00f3s esem\u00e9nyekre.<\/p><\/div><\/div>\t\t<\/div>\n\t\t\t\t<\/div>\n\t\t\t\t<div class=\"elementor-element elementor-element-79230cc elementor-position-left elementor-vertical-align-top elementor-widget elementor-widget-image-box\" data-id=\"79230cc\" data-element_type=\"widget\" data-widget_type=\"image-box.default\">\n\t\t\t\t<div class=\"elementor-widget-container\">\n\t\t\t<div class=\"elementor-image-box-wrapper\"><figure class=\"elementor-image-box-img\"><a href=\"https:\/\/www.mobildisplay.hu\/index.php\/termekek\/pultok\/\" tabindex=\"-1\"><img loading=\"lazy\" decoding=\"async\" width=\"1417\" height=\"1417\" src=\"https:\/\/www.mobildisplay.hu\/wp-content\/uploads\/2020\/06\/6-Pultok-4.jpg\" class=\"attachment-full size-full wp-image-1699\" alt=\"Recepci\u00f3s, inform\u00e1ci\u00f3s \u00e9s k\u00edn\u00e1l\u00f3 pultok\" srcset=\"https:\/\/www.mobildisplay.hu\/wp-content\/uploads\/2020\/06\/6-Pultok-4.jpg 1417w, https:\/\/www.mobildisplay.hu\/wp-content\/uploads\/2020\/06\/6-Pultok-4-300x300.jpg 300w, https:\/\/www.mobildisplay.hu\/wp-content\/uploads\/2020\/06\/6-Pultok-4-1024x1024.jpg 1024w, https:\/\/www.mobildisplay.hu\/wp-content\/uploads\/2020\/06\/6-Pultok-4-150x150.jpg 150w, https:\/\/www.mobildisplay.hu\/wp-content\/uploads\/2020\/06\/6-Pultok-4-768x768.jpg 768w\" sizes=\"(max-width: 1417px) 100vw, 1417px\" \/><\/a><\/figure><div class=\"elementor-image-box-content\"><h3 class=\"elementor-image-box-title\"><a href=\"https:\/\/www.mobildisplay.hu\/index.php\/termekek\/pultok\/\">Recepci\u00f3s, inform\u00e1ci\u00f3s \u00e9s k\u00edn\u00e1l\u00f3 pultok<\/a><\/h3><p class=\"elementor-image-box-description\">Szersz\u00e1m n\u00e9lk\u00fcli, gyorsan \u00f6ssze\u00e1ll\u00edthat\u00f3 pultjaink t\u00f6bbf\u00e9le felhaszn\u00e1l\u00e1sra alkalmasak. V\u00e1laszthat\u00f3 LED vil\u00e1g\u00edt\u00f3s, recepci\u00f3s, inform\u00e1ci\u00f3s \u00e9s k\u00edn\u00e1l\u00f3 pultok, amelyek ide\u00e1lisak ki\u00e1ll\u00edt\u00e1sokra, rendezv\u00e9nyekre \u00e9s \u00fczletekbe.<\/p><\/div><\/div>\t\t<\/div>\n\t\t\t\t<\/div>\n\t\t\t\t<div class=\"elementor-element elementor-element-e3385f2 elementor-position-left elementor-vertical-align-top elementor-widget elementor-widget-image-box\" data-id=\"e3385f2\" data-element_type=\"widget\" data-widget_type=\"image-box.default\">\n\t\t\t\t<div class=\"elementor-widget-container\">\n\t\t\t<div class=\"elementor-image-box-wrapper\"><figure class=\"elementor-image-box-img\"><a href=\"https:\/\/www.mobildisplay.hu\/index.php\/termekek\/bovitheto-oriasi-hatter-falak-iso\/\" tabindex=\"-1\"><img loading=\"lazy\" decoding=\"async\" width=\"1417\" height=\"1417\" src=\"https:\/\/www.mobildisplay.hu\/wp-content\/uploads\/2024\/02\/4-Oriasi-haterfal-bovitheto-falak.jpg\" class=\"attachment-full size-full wp-image-4033\" alt=\"B\u0151v\u00edthet\u0151 sajt\u00f3falak, ISO-rendszerek\" srcset=\"https:\/\/www.mobildisplay.hu\/wp-content\/uploads\/2024\/02\/4-Oriasi-haterfal-bovitheto-falak.jpg 1417w, https:\/\/www.mobildisplay.hu\/wp-content\/uploads\/2024\/02\/4-Oriasi-haterfal-bovitheto-falak-300x300.jpg 300w, https:\/\/www.mobildisplay.hu\/wp-content\/uploads\/2024\/02\/4-Oriasi-haterfal-bovitheto-falak-1024x1024.jpg 1024w, https:\/\/www.mobildisplay.hu\/wp-content\/uploads\/2024\/02\/4-Oriasi-haterfal-bovitheto-falak-150x150.jpg 150w, https:\/\/www.mobildisplay.hu\/wp-content\/uploads\/2024\/02\/4-Oriasi-haterfal-bovitheto-falak-768x768.jpg 768w\" sizes=\"(max-width: 1417px) 100vw, 1417px\" \/><\/a><\/figure><div class=\"elementor-image-box-content\"><h3 class=\"elementor-image-box-title\"><a href=\"https:\/\/www.mobildisplay.hu\/index.php\/termekek\/bovitheto-oriasi-hatter-falak-iso\/\">B\u0151v\u00edthet\u0151 sajt\u00f3falak, ISO-rendszerek<\/a><\/h3><p class=\"elementor-image-box-description\">Rugalmas \u00e9s kreat\u00edv megold\u00e1s, amely alak\u00edthat\u00f3 m\u00e9retben \u00e9s form\u00e1ban. Modulrendszere pultokkal, polcokkal \u00e9s TV-\u00e1llv\u00e1nnyal is kieg\u00e9sz\u00edthet\u0151, nyomata k\u00f6nnyen cser\u00e9lhet\u0151.<\/p><\/div><\/div>\t\t<\/div>\n\t\t\t\t<\/div>\n\t\t\t\t<div class=\"elementor-element elementor-element-aba79bf elementor-position-left elementor-vertical-align-top elementor-widget elementor-widget-image-box\" data-id=\"aba79bf\" data-element_type=\"widget\" data-widget_type=\"image-box.default\">\n\t\t\t\t<div class=\"elementor-widget-container\">\n\t\t\t<div class=\"elementor-image-box-wrapper\"><figure class=\"elementor-image-box-img\"><a href=\"https:\/\/www.mobildisplay.hu\/index.php\/shop\/kepkeretek-paravanok\/\" tabindex=\"-1\"><img loading=\"lazy\" decoding=\"async\" width=\"1417\" height=\"1417\" src=\"https:\/\/www.mobildisplay.hu\/wp-content\/uploads\/2024\/02\/5-Kepkeretek-paravanok.jpg\" class=\"attachment-full size-full wp-image-4039\" alt=\"K\u00e9pkeretek, parav\u00e1nok\" srcset=\"https:\/\/www.mobildisplay.hu\/wp-content\/uploads\/2024\/02\/5-Kepkeretek-paravanok.jpg 1417w, https:\/\/www.mobildisplay.hu\/wp-content\/uploads\/2024\/02\/5-Kepkeretek-paravanok-300x300.jpg 300w, https:\/\/www.mobildisplay.hu\/wp-content\/uploads\/2024\/02\/5-Kepkeretek-paravanok-1024x1024.jpg 1024w, https:\/\/www.mobildisplay.hu\/wp-content\/uploads\/2024\/02\/5-Kepkeretek-paravanok-150x150.jpg 150w, https:\/\/www.mobildisplay.hu\/wp-content\/uploads\/2024\/02\/5-Kepkeretek-paravanok-768x768.jpg 768w\" sizes=\"(max-width: 1417px) 100vw, 1417px\" \/><\/a><\/figure><div class=\"elementor-image-box-content\"><h3 class=\"elementor-image-box-title\"><a href=\"https:\/\/www.mobildisplay.hu\/index.php\/shop\/kepkeretek-paravanok\/\">K\u00e9pkeretek, parav\u00e1nok<\/a><\/h3><p class=\"elementor-image-box-description\">Sokoldal\u00faan vari\u00e1lhat\u00f3 megold\u00e1s sajt\u00f3t\u00e1j\u00e9koztat\u00f3kra \u00e9s ki\u00e1ll\u00edt\u00e1sokra. Haszn\u00e1lhat\u00f3 h\u00e1tt\u00e9rfalk\u00e9nt, pultk\u00e9nt vagy t\u00e9rbeli install\u00e1ci\u00f3k kialak\u00edt\u00e1s\u00e1ra.<\/p><\/div><\/div>\t\t<\/div>\n\t\t\t\t<\/div>\n\t\t\t\t\t<\/div>\n\t\t<\/div>\n\t\t\t\t\t<\/div>\n\t\t<\/section>\n\t\t\t\t<\/div>\n\t\t","protected":false},"excerpt":{"rendered":"<p>Professzion\u00e1lis megjelen\u00e9s exp\u00f3kra \u00e9s rendezv\u00e9nyekre Sajt\u00f3falak, molin\u00f3k, rekl\u00e1meszk\u00f6z\u00f6k \u00e9s ki\u00e1ll\u00edt\u00e1si rendszerek \u2013 ak\u00e1r b\u00e9rl\u00e9si lehet\u0151s\u00e9ggel! Roll-up rendszerek N\u00e9pszer\u0171, kih\u00fazhat\u00f3 prezent\u00e1ci\u00f3s eszk\u00f6z figyelemfelkelt\u0151 nyomattal. Ide\u00e1lis ki\u00e1ll\u00edt\u00e1sokra,&hellip;<\/p>\n","protected":false},"author":2,"featured_media":0,"parent":0,"menu_order":0,"comment_status":"closed","ping_status":"closed","template":"","meta":{"om_disable_all_campaigns":false,"_monsterinsights_skip_tracking":false,"_monsterinsights_sitenote_active":false,"_monsterinsights_sitenote_note":"","_monsterinsights_sitenote_category":0,"footnotes":""},"aioseo_notices":[],"_links":{"self":[{"href":"https:\/\/www.mobildisplay.hu\/index.php\/wp-json\/wp\/v2\/pages\/1394"}],"collection":[{"href":"https:\/\/www.mobildisplay.hu\/index.php\/wp-json\/wp\/v2\/pages"}],"about":[{"href":"https:\/\/www.mobildisplay.hu\/index.php\/wp-json\/wp\/v2\/types\/page"}],"author":[{"embeddable":true,"href":"https:\/\/www.mobildisplay.hu\/index.php\/wp-json\/wp\/v2\/users\/2"}],"replies":[{"embeddable":true,"href":"https:\/\/www.mobildisplay.hu\/index.php\/wp-json\/wp\/v2\/comments?post=1394"}],"version-history":[{"count":216,"href":"https:\/\/www.mobildisplay.hu\/index.php\/wp-json\/wp\/v2\/pages\/1394\/revisions"}],"predecessor-version":[{"id":5123,"href":"https:\/\/www.mobildisplay.hu\/index.php\/wp-json\/wp\/v2\/pages\/1394\/revisions\/5123"}],"wp:attachment":[{"href":"https:\/\/www.mobildisplay.hu\/index.php\/wp-json\/wp\/v2\/media?parent=1394"}],"curies":[{"name":"wp","href":"https:\/\/api.w.org\/{rel}","templated":true}]}}